
{"id":40,"date":"2009-11-16T23:49:23","date_gmt":"2009-11-17T04:49:23","guid":{"rendered":"http:\/\/www.artzoom.org\/members\/wordpress\/?page_id=40"},"modified":"2026-03-10T20:43:08","modified_gmt":"2026-03-10T19:43:08","slug":"documents-de-presse","status":"publish","type":"page","link":"https:\/\/artzoomconnection.com\/andreeroy\/presse\/documents-de-presse\/","title":{"rendered":"PRESSE"},"content":{"rendered":"<div class=\"fusion-fullwidth fullwidth-box fusion-builder-row-1 fusion-flex-container nonhundred-percent-fullwidth non-hundred-percent-height-scrolling\" style=\"--awb-border-radius-top-left:0px;--awb-border-radius-top-right:0px;--awb-border-radius-bottom-right:0px;--awb-border-radius-bottom-left:0px;\" ><div class=\"fusion-builder-row fusion-row fusion-flex-align-items-flex-start\" style=\"max-width:1144px;margin-left: calc(-4% \/ 2 );margin-right: calc(-4% \/ 2 );\"><div class=\"fusion-layout-column fusion_builder_column fusion-builder-column-0 fusion_builder_column_1_2 1_2 fusion-flex-column\" style=\"--awb-bg-size:cover;--awb-width-large:50%;--awb-margin-top-large:0px;--awb-spacing-right-large:3.84%;--awb-margin-bottom-large:0px;--awb-spacing-left-large:3.84%;--awb-width-medium:100%;--awb-spacing-right-medium:1.92%;--awb-spacing-left-medium:1.92%;--awb-width-small:100%;--awb-spacing-right-small:1.92%;--awb-spacing-left-small:1.92%;\"><div class=\"fusion-column-wrapper fusion-flex-justify-content-flex-start fusion-content-layout-column\"><div class=\"fusion-text fusion-text-1\"><h4>COUVERTURE M\u00c9DIATIQUE<\/h4>\n<p style=\"text-align: left;\"><em>Liste non exhaustive<\/em><\/p>\n<p style=\"text-align: justify;\"><strong>Articles de journaux :<\/strong> information \u00e0 venir<\/p>\n<p style=\"text-align: justify;\"><strong>Cyberpresse: <\/strong>information \u00e0 venir<\/p>\n<p><strong>Couverture de la Grande Exposition Internationale d&rsquo;ArtZoom 2015:<\/strong>\u00a0<a href=\"http:\/\/patwhite.com\/node\/18466\" target=\"_blank\" rel=\"noopener\">article 1<\/a>,\u00a0<a href=\"http:\/\/patwhite.com\/node\/18477\" target=\"_blank\" rel=\"noopener\">article 2<\/a>,\u00a0<a href=\"http:\/\/info-culture.biz\/2015\/02\/26\/la-grande-exposition-internationale-dartzoom-8eme-edition\" target=\"_blank\" rel=\"noopener\">article 3<\/a>,\u00a0<a href=\"http:\/\/info-culture.biz\/2015\/03\/01\/pour-une-lecture-eclairee-de-lart-contemporain-2\" target=\"_blank\" rel=\"noopener\">article 4<\/a>,\u00a0<a href=\"http:\/\/info-culture.biz\/2015\/03\/18\/vernissage-de-la-grande-exposition-internationale-dartzoom-et-lancement-du-livre-pour-une-lecture-eclairee-de-lart-contemporain-a-lespace-contemporain\/\" target=\"_blank\" rel=\"noopener\">article 5<\/a>,\u00a0<a href=\"http:\/\/www.flickr.com\/photos\/infoculturephotos\/sets\/72157650968505447\/\" target=\"_blank\" rel=\"noopener\">galerie d&rsquo;images<\/a>,\u00a0<a href=\"http:\/\/artzoomconnection.com\/blog\/2015\/02\/26\/du-17-au-22-mars-la-8eme-edition-de-la-grande-exposition-internationale-dartzoom\/\" target=\"_blank\" rel=\"noopener\">article 6<\/a>,\u00a0<a href=\"http:\/\/artzoomconnection.com\/blog\/2015\/03\/01\/pour-une-lecture-eclairee-de-lart-contemporain\/\" target=\"_blank\" rel=\"noopener\">article 7<\/a>,\u00a0<a href=\"http:\/\/artzoomconnection.com\/blog\/2015\/03\/18\/podcast-dartzoom-presentation-de-la-8eme-edition-de-la-grande-dartzoom\/\" target=\"_blank\" rel=\"noopener\">article 8<\/a>,\u00a0<a href=\"http:\/\/artzoom.tv\/la-grande-exposition-internationale-dartzoom-8eme-edition\/\" target=\"_blank\" rel=\"noopener\">article 9<\/a>,\u00a0<a href=\"http:\/\/magazinedesarts.com\/?p=1749\" target=\"_blank\" rel=\"noopener\">article 10<\/a>,\u00a0<a href=\"http:\/\/magazinedesarts.com\/?p=1752\" target=\"_blank\" rel=\"noopener\">article 11<\/a>,\u00a0<a href=\"http:\/\/helenecaroline.com\/une-8eme-edition-a-quebec-pour-la-grande-exposition-internationale-dartzoom\/\" target=\"_blank\" rel=\"noopener\">article 12<\/a>,\u00a0<a href=\"http:\/\/helenecaroline.com\/pour-une-lecture-eclairee-de-l-art-contemporain\/\" target=\"_blank\" rel=\"noopener\">article 13<\/a>,\u00a0<a href=\"http:\/\/www.charlesbourgexpress.com\/Culture\/2015-03-06\/article-4067905\/Uga,-presidente-dhonneur-de-la-Grande-exposition-internationale-dArt-Zoom\/1\" target=\"_blank\" rel=\"noopener\">article 14<\/a>,\u00a0<a href=\"http:\/\/www.ladepeche.fr\/article\/2015\/03\/07\/2061698-bernadette-mora-au-canada.html\" target=\"_blank\" rel=\"noopener\">article 15<\/a>,\u00a0<a href=\"http:\/\/www.lappel.com\/Culture\/2015-03-11\/article-4073350\/Des-artistes-locaux-dans-une-exposition-internationale\/1\" target=\"_blank\" rel=\"noopener\">article 16<\/a>,\u00a0<a href=\"http:\/\/www.lappel.com\/Culture\/2015-03-17\/article-4074462\/Une-Carougeoise-exporte-son-talent-a-l%26rsquo%3Binternational\/1\" target=\"_blank\" rel=\"noopener\">article 17<\/a>,\u00a0<a href=\"http:\/\/www.exemplaire.com.ulaval.ca\/culture\/le-vernissage-annuel-de-la-8e-edition-de-la-grande-exposition-internationale-dartzoom\/\" target=\"_blank\" rel=\"noopener\">article 18<\/a>,\u00a0<a href=\"http:\/\/vimeo.com\/122570573\" target=\"_blank\" rel=\"noopener\">vimeo<\/a>, etc.<\/p>\n<p style=\"text-align: justify;\"><strong>Couverture de la Grande Exposition Internationale d&rsquo;ArtZoom 2016:<\/strong><br \/>\n<a href=\"http:\/\/magazinedesarts.com\/?p=1769\" target=\"_blank\" rel=\"noopener\">article 1<\/a> &#8211; <a href=\"http:\/\/artzoomconnection.com\/blog\/2016\/02\/09\/la-grande-exposition-internationale-dartzoom-9e-edition\/\" target=\"_blank\" rel=\"noopener\">article 2<\/a> &#8211; <a href=\"http:\/\/artzoomconnection.com\/blog\/2016\/02\/22\/du-8-au-13-mars-2016-une-9e-edition-pour-la-grande-dartzoom\/\" target=\"_blank\" rel=\"noopener\">article 3<\/a> &#8211; <a href=\"http:\/\/patwhite.com\/une-9e-edition-annuelle-pour-la-grande-exposition-internationale-dartzoom\" target=\"_blank\" rel=\"noopener\">article 4<\/a> &#8211;<a href=\"http:\/\/info-culture.biz\/2016\/02\/22\/une-9e-pour-artzoom\/\" target=\"_blank\" rel=\"noopener\"> article 5<\/a> &#8211; <a href=\"http:\/\/www.lequebecexpress.com\/Culture\/2016-03-07\/article-4458923\/Uga-sexpose-a-la-Grande-exposition-internationale-dArt-Zoom\/1\" target=\"_blank\" rel=\"noopener\">article 6<\/a> &#8211; <a href=\"https:\/\/vimeo.com\/158227209\" target=\"_blank\" rel=\"noopener\">article 7<\/a> &#8211; <a href=\"http:\/\/www.obj.ca\/Blog-Article\/b\/27734\/Une-9e-edition-de-La-Grande-Exposition-Internationale-dArtZoom\" target=\"_blank\" rel=\"noopener\">article 8<\/a> &#8211; <a href=\"http:\/\/www.letoiledulac.com\/Culture\/2015-03-18\/article-4081537\/La-Felicinoise-Andree-Roy-y-presente-2-oeuvres\/1\" target=\"_blank\" rel=\"noopener\">article 9<\/a> &#8211; <a href=\"http:\/\/kimcpell.ipower.com\/quebecarts\/\" target=\"_blank\" rel=\"noopener\">article 10<\/a> &#8211; <a href=\"http:\/\/www.wherevent.com\/detail\/Art-Zoom-Vernissage-de-la-Grande-Exposition-Internationale-dArtZoom-9e-edition\" target=\"_blank\" rel=\"noopener\">article 11<\/a> &#8211; <a href=\"http:\/\/www.sacquebec.com\/activitesmembres.php\" target=\"_blank\" rel=\"noopener\">article 12<\/a> &#8211; <a href=\"http:\/\/allevents.in\/quebec\/vernissage-de-la-grande-exposition-internationale-dartzoom-9e-%C3%A9dition\/461486340712293#\" target=\"_blank\" rel=\"noopener\">article 13<\/a> &#8211; <a href=\"http:\/\/helenecaroline.com\/la-9e-dartzoom\/\" target=\"_blank\" rel=\"noopener\">article 14<\/a> &#8211; etc.<\/p>\n<\/div><\/div><\/div><div class=\"fusion-layout-column fusion_builder_column fusion-builder-column-1 fusion_builder_column_1_2 1_2 fusion-flex-column\" style=\"--awb-bg-size:cover;--awb-width-large:50%;--awb-margin-top-large:0px;--awb-spacing-right-large:3.84%;--awb-margin-bottom-large:0px;--awb-spacing-left-large:3.84%;--awb-width-medium:100%;--awb-spacing-right-medium:1.92%;--awb-spacing-left-medium:1.92%;--awb-width-small:100%;--awb-spacing-right-small:1.92%;--awb-spacing-left-small:1.92%;\"><div class=\"fusion-column-wrapper fusion-flex-justify-content-flex-start fusion-content-layout-column\"><div class=\"fusion-text fusion-text-2\"><h4>RADIO ET T\u00c9L\u00c9VISION<\/h4>\n<p><em>Liste non exhaustive<\/em><\/p>\n<p>non mentionn\u00e9<\/p>\n<h4>MULTIM\u00c9DIA<\/h4>\n<p><em>Liste non exhaustive<\/em><\/p>\n<p><strong>2025:<\/strong> L\u2019artiste Andr\u00e9e Roy *MCAR*, 5:41 minutes &#8211; Production audiovisuelle, Art Total Multim\u00e9dia<br \/>\n<strong>Depuis 2019:<\/strong> Exposition permanente virtuelle, visible sur Internet et dans un casque de r\u00e9alit\u00e9 virtuelle, Mus\u00e9e d\u2019art contemporain VR3D (MACVR3D)<br \/>\nDVD Le Sentier *poussi\u00e8re de l&rsquo;\u00c9toile*<\/p>\n<h4>BIBLIOGRAPHIE<\/h4>\n<p><em>Liste non exhaustive<\/em><\/p>\n<p><em>&#8211; Le Guide de Cotation des Artistes d&rsquo;ArtZoom<\/em>, 2015<br \/>\n&#8211; Le Sentier *poussi\u00e8re de l&rsquo;\u00c9toile*, \u00c9dition Direct Livre, 2005<\/p>\n<\/div><\/div><\/div><\/div><\/div>\n","protected":false},"excerpt":{"rendered":"","protected":false},"author":1,"featured_media":0,"parent":1687,"menu_order":3,"comment_status":"closed","ping_status":"closed","template":"","meta":[],"_links":{"self":[{"href":"https:\/\/artzoomconnection.com\/andreeroy\/wp-json\/wp\/v2\/pages\/40"}],"collection":[{"href":"https:\/\/artzoomconnection.com\/andreeroy\/wp-json\/wp\/v2\/pages"}],"about":[{"href":"https:\/\/artzoomconnection.com\/andreeroy\/wp-json\/wp\/v2\/types\/page"}],"author":[{"embeddable":true,"href":"https:\/\/artzoomconnection.com\/andreeroy\/wp-json\/wp\/v2\/users\/1"}],"replies":[{"embeddable":true,"href":"https:\/\/artzoomconnection.com\/andreeroy\/wp-json\/wp\/v2\/comments?post=40"}],"version-history":[{"count":41,"href":"https:\/\/artzoomconnection.com\/andreeroy\/wp-json\/wp\/v2\/pages\/40\/revisions"}],"predecessor-version":[{"id":2461,"href":"https:\/\/artzoomconnection.com\/andreeroy\/wp-json\/wp\/v2\/pages\/40\/revisions\/2461"}],"up":[{"embeddable":true,"href":"https:\/\/artzoomconnection.com\/andreeroy\/wp-json\/wp\/v2\/pages\/1687"}],"wp:attachment":[{"href":"https:\/\/artzoomconnection.com\/andreeroy\/wp-json\/wp\/v2\/media?parent=40"}],"curies":[{"name":"wp","href":"https:\/\/api.w.org\/{rel}","templated":true}]}}