{"id":1625,"date":"2012-11-10T15:31:33","date_gmt":"2012-11-10T14:31:33","guid":{"rendered":"http:\/\/www.artzoomconnection.com\/lo\/?page_id=1625"},"modified":"2021-12-14T13:09:00","modified_gmt":"2021-12-14T12:09:00","slug":"biographie","status":"publish","type":"page","link":"https:\/\/artzoomconnection.com\/chantaleguy\/presentation\/biographie\/","title":{"rendered":"BIOGRAPHIE"},"content":{"rendered":"<div class=\"fusion-fullwidth fullwidth-box fusion-builder-row-1 nonhundred-percent-fullwidth non-hundred-percent-height-scrolling\"  style='background-color: rgba(255,255,255,0);background-position: center center;background-repeat: no-repeat;padding-top:0px;padding-right:0px;padding-bottom:0px;padding-left:0px;'><div class=\"fusion-builder-row fusion-row \"><div  class=\"fusion-layout-column fusion_builder_column fusion_builder_column_1_3 fusion-builder-column-1 fusion-one-third fusion-column-first 1_3\"  style='margin-top:0px;margin-bottom:0px;width:30.6666%; margin-right: 4%;'>\n\t\t\t\t\t<div class=\"fusion-column-wrapper\" style=\"padding: 0px 0px 0px 0px;background-position:left top;background-repeat:no-repeat;-webkit-background-size:cover;-moz-background-size:cover;-o-background-size:cover;background-size:cover;\"   data-bg-url=\"\">\n\t\t\t\t\t\t<style type=\"text\/css\"><\/style><div class=\"fusion-title title fusion-title-1 fusion-title-text fusion-title-size-one\" style=\"margin-top:0px;margin-bottom:31px;\"><h1 class=\"title-heading-left\" style=\"margin:0;\"><h3>FORMATION<\/h3><\/h1><div class=\"title-sep-container\"><div class=\"title-sep sep-double sep-solid\" style=\"border-color:#e0dede;\"><\/div><\/div><\/div><div class=\"fusion-text\"><p><strong>2019:<\/strong> Cours semi-priv\u00e9 en histoire de l\u2019art \u00ab\u00a0350 ans de pratiques artistiques au Qu\u00e9bec\u00a0\u00bb au MNBAQ, avec HeleneCaroline Fournier, experte en art et th\u00e9oricienne de l\u2019art (Acad\u00e9mie des arts visuels du CIAAZ) &#8211; avec certificat d\u2019\u00e9tude<br \/>\n<strong>2018:<\/strong> Cours d&rsquo;art et d&rsquo;histoire de l&rsquo;art au MNBAQ avec l&rsquo;Acad\u00e9mie des arts visuels du CIAAZ, donn\u00e9 par HeleneCaroline Fournier, experte en art et th\u00e9oricienne de l&rsquo;art. Le cours portait sur l&rsquo;exposition temporaire \u00ab\u00a0Alberto Giacometti\u00a0\u00bb et sur l&rsquo;exposition permanente \u00ab\u00a0Fernand Leduc. Un peintre de lumi\u00e8re\u00a0\u00bb et l&rsquo;histoire des couleurs \u00e0 travers les si\u00e8cles, leur propri\u00e9t\u00e9 et leur symbolisme.<br \/>\n<strong>2017:<\/strong> Cours d&rsquo;art et d&rsquo;histoire de l&rsquo;art au MNBAQ avec l&rsquo;Acad\u00e9mie des arts visuels du CIAAZ, donn\u00e9 par HeleneCaroline Fournier, experte en art et th\u00e9oricienne de l&rsquo;art. Le cours portait sur l&rsquo;exposition temporaire \u00ab\u00a0Le temps file. La Vanit\u00e9 dans la Collection du MNBAQ\u00a0\u00bb et sur l&rsquo;exposition permanente \u00ab\u00a0Art Inuit. La Collection Brousseau\u00a0\u00bb.<br \/>\n<strong>2015: <\/strong>Cours d&rsquo;art et d&rsquo;histoire de l&rsquo;art au MNBAQ avec l&rsquo;Acad\u00e9mie des arts visuels du CIAAZ, donn\u00e9 par HeleneCaroline Fournier, experte en art et th\u00e9oricienne de l&rsquo;art. Le cours portait sur Le Nigog de 1918 et sur les artistes canadiens Ozias Leduc, Maurice Cullen et Marc-Aur\u00e8le de Foy Suzor-C\u00f4t\u00e9.<br \/>\n<strong>2013:<\/strong> Formation en d\u00e9veloppement de carri\u00e8re avec Art Total Multim\u00e9dia<br \/>\n<strong>2009:<\/strong> Atelier mod\u00e8le vivant<br \/>\n<strong>2006:<\/strong> Atelier art abstrait<br \/>\n<strong>1998:<\/strong> Dipl\u00f4m\u00e9e Arts et Lettres (arts visuels)<br \/>\nC\u00e9gep Saint-F\u00e9licien<\/p>\n<\/div><div class=\"fusion-clearfix\"><\/div>\n\n\t\t\t\t\t<\/div>\n\t\t\t\t<\/div><div  class=\"fusion-layout-column fusion_builder_column fusion_builder_column_2_3 fusion-builder-column-2 fusion-two-third fusion-column-last 2_3\"  style='margin-top:0px;margin-bottom:0px;width:65.3333%'>\n\t\t\t\t\t<div class=\"fusion-column-wrapper\" style=\"padding: 0px 0px 0px 0px;background-position:left top;background-repeat:no-repeat;-webkit-background-size:cover;-moz-background-size:cover;-o-background-size:cover;background-size:cover;\"   data-bg-url=\"\">\n\t\t\t\t\t\t<style type=\"text\/css\"><\/style><div class=\"fusion-title title fusion-title-2 fusion-title-text fusion-title-size-one\" style=\"margin-top:0px;margin-bottom:31px;\"><h1 class=\"title-heading-left\" style=\"margin:0;\"><h3>PR\u00c9SENTATION DE L&rsquo;ARTISTE<\/h3><\/h1><div class=\"title-sep-container\"><div class=\"title-sep sep-double sep-solid\" style=\"border-color:#e0dede;\"><\/div><\/div><\/div><div class=\"fusion-text\"><p><img loading=\"lazy\" class=\"alignleft size-medium wp-image-3252\" src=\"https:\/\/artzoomconnection.com\/chantaleguy\/wp-content\/uploads\/CDAC8DBD-3B3A-4BE5-8E56-274A636F60F1-200x300.jpeg\" alt=\"\" width=\"200\" height=\"300\" srcset=\"https:\/\/artzoomconnection.com\/chantaleguy\/wp-content\/uploads\/CDAC8DBD-3B3A-4BE5-8E56-274A636F60F1-200x300.jpeg 200w, https:\/\/artzoomconnection.com\/chantaleguy\/wp-content\/uploads\/CDAC8DBD-3B3A-4BE5-8E56-274A636F60F1-400x600.jpeg 400w, https:\/\/artzoomconnection.com\/chantaleguy\/wp-content\/uploads\/CDAC8DBD-3B3A-4BE5-8E56-274A636F60F1.jpeg 427w\" sizes=\"(max-width: 200px) 100vw, 200px\" \/><\/p>\n<p style=\"text-align: justify;\">N\u00e9e en 1954 \u00e0 Roberval (Canada), Chantale Guy fait carri\u00e8re au gouvernement pendant 39 ans, tout en pr\u00e9parant doucement sa retraite. Parall\u00e8lement \u00e0 sa carri\u00e8re, elle peint. En 1995, elle d\u00e9bute cette passion qui, au fur et \u00e0 mesure, prendra de plus en plus de place dans sa vie. En 1998, elle obtient un DEC en arts et lettres au C\u00e9gep de Saint-F\u00e9licien. En 2004, elle fait son premier symposium de peinture dans cette ville. En 2006 et en 2009, elle suit des ateliers de d\u00e9veloppement et de perfectionnement. Elle enseigne \u00e9galement la peinture. Depuis 2008, l\u2019artiste est beaucoup plus active. C\u2019est d\u2019ailleurs dans la r\u00e9gion du Saguenay-Lac-Saint-Jean qu\u2019elle se fait conna\u00eetre en premier. Ses expositions l\u2019am\u00e8nent, par la suite, \u00e0 pr\u00e9senter son travail \u00e0 Trois-Rivi\u00e8res et \u00e0 Qu\u00e9bec. Elle obtient un Prix du public en 2001 \u00e0 Saguenay, puis un Premier Prix en 2002 \u00e0 Roberval. C\u2019est un d\u00e9but. En 2010, elle est pr\u00e9sidente d\u2019honneur du Symposium de Val-Jalbert et en 2018 \u00e0 Roberval (Symposium Multi\u2019Art). En 2012, elle obtient une mention d\u2019honneur au m\u00eame symposium. Toujours en 2012, elle fait une conf\u00e9rence lors de la rencontre mensuelle des retrait\u00e9s du gouvernement provincial et elle est nomm\u00e9e artiste responsable de la fresque des 50 ans de la Biblioth\u00e8que de Saint-F\u00e9licien. Un grand projet en am\u00e8ne un autre: fin 2012, elle rejoint le Collectif International d\u2019Artistes ArtZoom (CIAAZ) pour une nouvelle perspective d\u2019avenir. Elle souhaite d\u00e9sormais acc\u00e9der \u00e0 un autre niveau dans sa carri\u00e8re, ce qu\u2019elle fera quelques mois plus tard.<\/p>\n<p style=\"text-align: justify;\">En 2013, elle expose \u00e0 la 3e \u00e9dition de l\u2019Internation\u2019ART, un \u00e9v\u00e8nement international \u00e0 Roberval (Canada) qui pr\u00e9sente des artistes du Canada, de France, de Belgique et du Luxembourg. Elle entre de fa\u00e7on permanente chez Art Total Multim\u00e9dia (agence d\u2019artistes et galerie d\u2019art internationale). En septembre de la m\u00eame ann\u00e9e, elle fait le grand saut jusqu\u2019\u00e0 Libramont en Belgique. Elle participe \u00e0 LIBR\u2019ART \u2013 le troisi\u00e8me plus grand salon d\u2019art contemporain de Belgique et le plus gros rassemblement d\u2019amateurs d\u2019art et de collectionneurs de la Wallonie. Elle repr\u00e9sente le Canada, \u00e0 cette occasion, aux c\u00f4t\u00e9s d\u2019autres artistes sous la banni\u00e8re d\u2019Art Total Multim\u00e9dia, la seule galerie d\u2019art canadienne de ce prestigieux salon. Cette premi\u00e8re exposition majeure \u00e0 l\u2019\u00e9tranger lui permet d\u2019obtenir une reconnaissance officielle en tant qu\u2019artiste de niveau international. Depuis 2014, on la retrouve occasionnellement \u00e0 L\u2019Espace contemporain, une galerie d\u2019art de Qu\u00e9bec. En 2017, elle est expertis\u00e9e par une experte en art qui \u00e9tablie avec justesse la valeur de son travail sur le march\u00e9 de l\u2019art au Canada, mais \u00e9galement au niveau international.<\/p>\n<p style=\"text-align: justify;\">2018 est une ann\u00e9e charni\u00e8re pour l\u2019artiste. Elle est repr\u00e9sent\u00e9e par une agente d\u2019artistes qui oeuvre sur deux continents. Leur premi\u00e8re collaboration professionnelle a eu lieu avec le commissariat de son exposition personnelle, intitul\u00e9e \u00ab\u00a0Distorsion\u2019art\u00a0\u00bb, pr\u00e9sent\u00e9e \u00e0 Roberval (Canada). En 2018, CHAGUY est index\u00e9e chez ArtPrice, leader mondial de l\u2019information sur le march\u00e9 de l\u2019art, dans le R\u00e9pertoire des peintres canadiens Lareau et dans la liste des peintres canadiens sur Wikipedia. En d\u00e9cembre 2018, CHAGUY fait son entr\u00e9e en tant qu\u2019artiste permanente au Mus\u00e9e d\u2019art contemporain VR 3D (MACVR3D), un mus\u00e9e ax\u00e9 sur les nouvelles technologies, qui est g\u00e9olocalis\u00e9 \u00e0 Longwy en France. Elle y expose plusieurs oeuvres lors de l\u2019exposition inaugurale aux c\u00f4t\u00e9s de 7 autres artistes. En 2019, elle expose en France, \u00e0 Audun-le-Tiche et \u00e0 \u00c9tain, dans des salons internationaux d\u2019art contemporain, et dans un trio \u00e0 Longwy dont l\u2019exposition est intitul\u00e9e \u00ab\u00a0Du Qu\u00e9bec \u00e0 Longwy\u00a0\u00bb.<\/p>\n<p style=\"text-align: justify;\">En 2020 elle pr\u00e9sente une exposition personnelle de six mois dans un mus\u00e9e d\u2019art contemporain en France. Toujours en 2020, elle fait partie des quinze artistes professionnels qui participent \u00e0 une \u00e9tude sociologique ayant trait aux effets de la pand\u00e9mie au niveau de la pratique artistique chez les artistes en arts visuels. Le dossier th\u00e9matique sp\u00e9cial a \u00e9t\u00e9 publi\u00e9 exclusivement sur HEART, magazine des arts, en deux volets, \u00e0 l\u2019\u00e9t\u00e9 et \u00e0 l\u2019automne 2020.<\/p>\n<p style=\"text-align: justify;\"><em>biographie \u00e9crite par HeleneCaroline Fournier, experte en art et th\u00e9oricienne de l&rsquo;art<\/em><\/p>\n<\/div><div class=\"fusion-clearfix\"><\/div>\n\n\t\t\t\t\t<\/div>\n\t\t\t\t<\/div><\/div><\/div>\n","protected":false},"excerpt":{"rendered":"","protected":false},"author":1,"featured_media":0,"parent":1623,"menu_order":0,"comment_status":"closed","ping_status":"closed","template":"","meta":[],"_links":{"self":[{"href":"https:\/\/artzoomconnection.com\/chantaleguy\/wp-json\/wp\/v2\/pages\/1625"}],"collection":[{"href":"https:\/\/artzoomconnection.com\/chantaleguy\/wp-json\/wp\/v2\/pages"}],"about":[{"href":"https:\/\/artzoomconnection.com\/chantaleguy\/wp-json\/wp\/v2\/types\/page"}],"author":[{"embeddable":true,"href":"https:\/\/artzoomconnection.com\/chantaleguy\/wp-json\/wp\/v2\/users\/1"}],"replies":[{"embeddable":true,"href":"https:\/\/artzoomconnection.com\/chantaleguy\/wp-json\/wp\/v2\/comments?post=1625"}],"version-history":[{"count":74,"href":"https:\/\/artzoomconnection.com\/chantaleguy\/wp-json\/wp\/v2\/pages\/1625\/revisions"}],"predecessor-version":[{"id":3256,"href":"https:\/\/artzoomconnection.com\/chantaleguy\/wp-json\/wp\/v2\/pages\/1625\/revisions\/3256"}],"up":[{"embeddable":true,"href":"https:\/\/artzoomconnection.com\/chantaleguy\/wp-json\/wp\/v2\/pages\/1623"}],"wp:attachment":[{"href":"https:\/\/artzoomconnection.com\/chantaleguy\/wp-json\/wp\/v2\/media?parent=1625"}],"curies":[{"name":"wp","href":"https:\/\/api.w.org\/{rel}","templated":true}]}}

<div class="fusion-fullwidth fullwidth-box fusion-builder-row-1 nonhundred-percent-fullwidth non-hundred-percent-height-scrolling"  style='background-color: rgba(255,255,255,0);background-position: center center;background-repeat: no-repeat;padding-top:0px;padding-right:0px;padding-bottom:0px;padding-left:0px;'><div class="fusion-builder-row fusion-row "><div  class="fusion-layout-column fusion_builder_column fusion_builder_column_1_3 fusion-builder-column-1 fusion-one-third fusion-column-first 1_3"  style='margin-top:0px;margin-bottom:0px;width:30.6666%; margin-right: 4%;'>
					<div class="fusion-column-wrapper" style="padding: 0px 0px 0px 0px;background-position:left top;background-repeat:no-repeat;-webkit-background-size:cover;-moz-background-size:cover;-o-background-size:cover;background-size:cover;"   data-bg-url="">
						<style type="text/css"></style><div class="fusion-title title fusion-title-1 fusion-title-text fusion-title-size-one" style="margin-top:0px;margin-bottom:31px;"><h1 class="title-heading-left" style="margin:0;"><h3>FORMATION</h3></h1><div class="title-sep-container"><div class="title-sep sep-double sep-solid" style="border-color:#e0dede;"></div></div></div><div class="fusion-text"><p><strong>2019:</strong> Cours semi-privé en histoire de l’art « 350 ans de pratiques artistiques au Québec » au MNBAQ, avec HeleneCaroline Fournier, experte en art et théoricienne de l’art (Académie des arts visuels du CIAAZ) &#8211; avec certificat d’étude<br />
<strong>2018:</strong> Cours d&rsquo;art et d&rsquo;histoire de l&rsquo;art au MNBAQ avec l&rsquo;Académie des arts visuels du CIAAZ, donné par HeleneCaroline Fournier, experte en art et théoricienne de l&rsquo;art. Le cours portait sur l&rsquo;exposition temporaire « Alberto Giacometti » et sur l&rsquo;exposition permanente « Fernand Leduc. Un peintre de lumière » et l&rsquo;histoire des couleurs à travers les siècles, leur propriété et leur symbolisme.<br />
<strong>2017:</strong> Cours d&rsquo;art et d&rsquo;histoire de l&rsquo;art au MNBAQ avec l&rsquo;Académie des arts visuels du CIAAZ, donné par HeleneCaroline Fournier, experte en art et théoricienne de l&rsquo;art. Le cours portait sur l&rsquo;exposition temporaire « Le temps file. La Vanité dans la Collection du MNBAQ » et sur l&rsquo;exposition permanente « Art Inuit. La Collection Brousseau ».<br />
<strong>2015: </strong>Cours d&rsquo;art et d&rsquo;histoire de l&rsquo;art au MNBAQ avec l&rsquo;Académie des arts visuels du CIAAZ, donné par HeleneCaroline Fournier, experte en art et théoricienne de l&rsquo;art. Le cours portait sur Le Nigog de 1918 et sur les artistes canadiens Ozias Leduc, Maurice Cullen et Marc-Aurèle de Foy Suzor-Côté.<br />
<strong>2013:</strong> Formation en développement de carrière avec Art Total Multimédia<br />
<strong>2009:</strong> Atelier modèle vivant<br />
<strong>2006:</strong> Atelier art abstrait<br />
<strong>1998:</strong> Diplômée Arts et Lettres (arts visuels)<br />
Cégep Saint-Félicien</p>
</div><div class="fusion-clearfix"></div>

					</div>
				</div><div  class="fusion-layout-column fusion_builder_column fusion_builder_column_2_3 fusion-builder-column-2 fusion-two-third fusion-column-last 2_3"  style='margin-top:0px;margin-bottom:0px;width:65.3333%'>
					<div class="fusion-column-wrapper" style="padding: 0px 0px 0px 0px;background-position:left top;background-repeat:no-repeat;-webkit-background-size:cover;-moz-background-size:cover;-o-background-size:cover;background-size:cover;"   data-bg-url="">
						<style type="text/css"></style><div class="fusion-title title fusion-title-2 fusion-title-text fusion-title-size-one" style="margin-top:0px;margin-bottom:31px;"><h1 class="title-heading-left" style="margin:0;"><h3>PRÉSENTATION DE L&rsquo;ARTISTE</h3></h1><div class="title-sep-container"><div class="title-sep sep-double sep-solid" style="border-color:#e0dede;"></div></div></div><div class="fusion-text"><p><img loading="lazy" class="alignleft size-medium wp-image-3252" src="https://artzoomconnection.com/chantaleguy/wp-content/uploads/CDAC8DBD-3B3A-4BE5-8E56-274A636F60F1-200x300.jpeg" alt="" width="200" height="300" srcset="https://artzoomconnection.com/chantaleguy/wp-content/uploads/CDAC8DBD-3B3A-4BE5-8E56-274A636F60F1-200x300.jpeg 200w, https://artzoomconnection.com/chantaleguy/wp-content/uploads/CDAC8DBD-3B3A-4BE5-8E56-274A636F60F1-400x600.jpeg 400w, https://artzoomconnection.com/chantaleguy/wp-content/uploads/CDAC8DBD-3B3A-4BE5-8E56-274A636F60F1.jpeg 427w" sizes="(max-width: 200px) 100vw, 200px" /></p>
<p style="text-align: justify;">Née en 1954 à Roberval (Canada), Chantale Guy fait carrière au gouvernement pendant 39 ans, tout en préparant doucement sa retraite. Parallèlement à sa carrière, elle peint. En 1995, elle débute cette passion qui, au fur et à mesure, prendra de plus en plus de place dans sa vie. En 1998, elle obtient un DEC en arts et lettres au Cégep de Saint-Félicien. En 2004, elle fait son premier symposium de peinture dans cette ville. En 2006 et en 2009, elle suit des ateliers de développement et de perfectionnement. Elle enseigne également la peinture. Depuis 2008, l’artiste est beaucoup plus active. C’est d’ailleurs dans la région du Saguenay-Lac-Saint-Jean qu’elle se fait connaître en premier. Ses expositions l’amènent, par la suite, à présenter son travail à Trois-Rivières et à Québec. Elle obtient un Prix du public en 2001 à Saguenay, puis un Premier Prix en 2002 à Roberval. C’est un début. En 2010, elle est présidente d’honneur du Symposium de Val-Jalbert et en 2018 à Roberval (Symposium Multi’Art). En 2012, elle obtient une mention d’honneur au même symposium. Toujours en 2012, elle fait une conférence lors de la rencontre mensuelle des retraités du gouvernement provincial et elle est nommée artiste responsable de la fresque des 50 ans de la Bibliothèque de Saint-Félicien. Un grand projet en amène un autre: fin 2012, elle rejoint le Collectif International d’Artistes ArtZoom (CIAAZ) pour une nouvelle perspective d’avenir. Elle souhaite désormais accéder à un autre niveau dans sa carrière, ce qu’elle fera quelques mois plus tard.</p>
<p style="text-align: justify;">En 2013, elle expose à la 3e édition de l’Internation’ART, un évènement international à Roberval (Canada) qui présente des artistes du Canada, de France, de Belgique et du Luxembourg. Elle entre de façon permanente chez Art Total Multimédia (agence d’artistes et galerie d’art internationale). En septembre de la même année, elle fait le grand saut jusqu’à Libramont en Belgique. Elle participe à LIBR’ART – le troisième plus grand salon d’art contemporain de Belgique et le plus gros rassemblement d’amateurs d’art et de collectionneurs de la Wallonie. Elle représente le Canada, à cette occasion, aux côtés d’autres artistes sous la bannière d’Art Total Multimédia, la seule galerie d’art canadienne de ce prestigieux salon. Cette première exposition majeure à l’étranger lui permet d’obtenir une reconnaissance officielle en tant qu’artiste de niveau international. Depuis 2014, on la retrouve occasionnellement à L’Espace contemporain, une galerie d’art de Québec. En 2017, elle est expertisée par une experte en art qui établie avec justesse la valeur de son travail sur le marché de l’art au Canada, mais également au niveau international.</p>
<p style="text-align: justify;">2018 est une année charnière pour l’artiste. Elle est représentée par une agente d’artistes qui oeuvre sur deux continents. Leur première collaboration professionnelle a eu lieu avec le commissariat de son exposition personnelle, intitulée « Distorsion’art », présentée à Roberval (Canada). En 2018, CHAGUY est indexée chez ArtPrice, leader mondial de l’information sur le marché de l’art, dans le Répertoire des peintres canadiens Lareau et dans la liste des peintres canadiens sur Wikipedia. En décembre 2018, CHAGUY fait son entrée en tant qu’artiste permanente au Musée d’art contemporain VR 3D (MACVR3D), un musée axé sur les nouvelles technologies, qui est géolocalisé à Longwy en France. Elle y expose plusieurs oeuvres lors de l’exposition inaugurale aux côtés de 7 autres artistes. En 2019, elle expose en France, à Audun-le-Tiche et à Étain, dans des salons internationaux d’art contemporain, et dans un trio à Longwy dont l’exposition est intitulée « Du Québec à Longwy ».</p>
<p style="text-align: justify;">En 2020 elle présente une exposition personnelle de six mois dans un musée d’art contemporain en France. Toujours en 2020, elle fait partie des quinze artistes professionnels qui participent à une étude sociologique ayant trait aux effets de la pandémie au niveau de la pratique artistique chez les artistes en arts visuels. Le dossier thématique spécial a été publié exclusivement sur HEART, magazine des arts, en deux volets, à l’été et à l’automne 2020.</p>
<p style="text-align: justify;"><em>biographie écrite par HeleneCaroline Fournier, experte en art et théoricienne de l&rsquo;art</em></p>
</div><div class="fusion-clearfix"></div>

					</div>
				</div></div></div>
