
{"id":2472,"date":"2018-05-22T05:47:59","date_gmt":"2018-05-22T04:47:59","guid":{"rendered":"https:\/\/artzoomconnection.com\/dumont\/?page_id=2472"},"modified":"2023-06-17T22:06:21","modified_gmt":"2023-06-17T21:06:21","slug":"atelier","status":"publish","type":"page","link":"https:\/\/artzoomconnection.com\/dumont\/presentation\/atelier\/","title":{"rendered":"ATELIER"},"content":{"rendered":"<div class=\"fusion-fullwidth fullwidth-box fusion-builder-row-1 fusion-flex-container nonhundred-percent-fullwidth non-hundred-percent-height-scrolling\" style=\"background-color: rgba(255,255,255,0);background-position: center center;background-repeat: no-repeat;border-width: 0px 0px 0px 0px;border-color:#eae9e9;border-style:solid;\" ><div class=\"fusion-builder-row fusion-row fusion-flex-align-items-flex-start\" style=\"max-width:1144px;margin-left: calc(-4% \/ 2 );margin-right: calc(-4% \/ 2 );\"><div class=\"fusion-layout-column fusion_builder_column fusion-builder-column-0 fusion_builder_column_1_2 1_2 fusion-flex-column\"><div class=\"fusion-column-wrapper fusion-flex-justify-content-flex-start fusion-content-layout-column\" style=\"background-position:left top;background-repeat:no-repeat;-webkit-background-size:cover;-moz-background-size:cover;-o-background-size:cover;background-size:cover;padding: 0px 0px 0px 0px;\"><div class=\"fusion-text fusion-text-1\" style=\"transform:translate3d(0,0,0);\"><h4><\/h4>\n<p>L\u2019atelier de DUMONT est ouvert au public sur rendez-vous<\/p>\n<\/div><div class=\"fusion-text fusion-text-2\" style=\"transform:translate3d(0,0,0);\"><p><img class=\"aligncenter wp-image-2701 size-full\" src=\"https:\/\/artzoomconnection.com\/dumont\/wp-content\/uploads\/IMG_0607.jpeg\" alt=\"\" width=\"958\" height=\"958\" srcset=\"https:\/\/artzoomconnection.com\/dumont\/wp-content\/uploads\/IMG_0607-66x66.jpeg 66w, https:\/\/artzoomconnection.com\/dumont\/wp-content\/uploads\/IMG_0607-150x150.jpeg 150w, https:\/\/artzoomconnection.com\/dumont\/wp-content\/uploads\/IMG_0607-200x200.jpeg 200w, https:\/\/artzoomconnection.com\/dumont\/wp-content\/uploads\/IMG_0607-300x300.jpeg 300w, https:\/\/artzoomconnection.com\/dumont\/wp-content\/uploads\/IMG_0607-400x400.jpeg 400w, https:\/\/artzoomconnection.com\/dumont\/wp-content\/uploads\/IMG_0607-500x500.jpeg 500w, https:\/\/artzoomconnection.com\/dumont\/wp-content\/uploads\/IMG_0607-600x600.jpeg 600w, https:\/\/artzoomconnection.com\/dumont\/wp-content\/uploads\/IMG_0607-700x700.jpeg 700w, https:\/\/artzoomconnection.com\/dumont\/wp-content\/uploads\/IMG_0607-768x768.jpeg 768w, https:\/\/artzoomconnection.com\/dumont\/wp-content\/uploads\/IMG_0607-800x800.jpeg 800w, https:\/\/artzoomconnection.com\/dumont\/wp-content\/uploads\/IMG_0607.jpeg 958w\" sizes=\"(max-width: 958px) 100vw, 958px\" \/><\/p>\n<p><img class=\"aligncenter wp-image-2702 size-full\" src=\"https:\/\/artzoomconnection.com\/dumont\/wp-content\/uploads\/IMG_0610.jpeg\" alt=\"\" width=\"1080\" height=\"1262\" srcset=\"https:\/\/artzoomconnection.com\/dumont\/wp-content\/uploads\/IMG_0610-200x234.jpeg 200w, https:\/\/artzoomconnection.com\/dumont\/wp-content\/uploads\/IMG_0610-257x300.jpeg 257w, https:\/\/artzoomconnection.com\/dumont\/wp-content\/uploads\/IMG_0610-400x467.jpeg 400w, https:\/\/artzoomconnection.com\/dumont\/wp-content\/uploads\/IMG_0610-500x584.jpeg 500w, https:\/\/artzoomconnection.com\/dumont\/wp-content\/uploads\/IMG_0610-600x701.jpeg 600w, https:\/\/artzoomconnection.com\/dumont\/wp-content\/uploads\/IMG_0610-700x818.jpeg 700w, https:\/\/artzoomconnection.com\/dumont\/wp-content\/uploads\/IMG_0610-768x897.jpeg 768w, https:\/\/artzoomconnection.com\/dumont\/wp-content\/uploads\/IMG_0610-800x935.jpeg 800w, https:\/\/artzoomconnection.com\/dumont\/wp-content\/uploads\/IMG_0610-876x1024.jpeg 876w, https:\/\/artzoomconnection.com\/dumont\/wp-content\/uploads\/IMG_0610.jpeg 1080w\" sizes=\"(max-width: 1080px) 100vw, 1080px\" \/><\/p>\n<p><img class=\"aligncenter wp-image-2703 size-full\" src=\"https:\/\/artzoomconnection.com\/dumont\/wp-content\/uploads\/IMG_0686.jpeg\" alt=\"\" width=\"829\" height=\"1280\" srcset=\"https:\/\/artzoomconnection.com\/dumont\/wp-content\/uploads\/IMG_0686-194x300.jpeg 194w, https:\/\/artzoomconnection.com\/dumont\/wp-content\/uploads\/IMG_0686-200x309.jpeg 200w, https:\/\/artzoomconnection.com\/dumont\/wp-content\/uploads\/IMG_0686-400x618.jpeg 400w, https:\/\/artzoomconnection.com\/dumont\/wp-content\/uploads\/IMG_0686-500x772.jpeg 500w, https:\/\/artzoomconnection.com\/dumont\/wp-content\/uploads\/IMG_0686-600x926.jpeg 600w, https:\/\/artzoomconnection.com\/dumont\/wp-content\/uploads\/IMG_0686-663x1024.jpeg 663w, https:\/\/artzoomconnection.com\/dumont\/wp-content\/uploads\/IMG_0686-700x1081.jpeg 700w, https:\/\/artzoomconnection.com\/dumont\/wp-content\/uploads\/IMG_0686-768x1186.jpeg 768w, https:\/\/artzoomconnection.com\/dumont\/wp-content\/uploads\/IMG_0686-800x1235.jpeg 800w, https:\/\/artzoomconnection.com\/dumont\/wp-content\/uploads\/IMG_0686.jpeg 829w\" sizes=\"(max-width: 829px) 100vw, 829px\" \/><\/p>\n<\/div><\/div><\/div><style type=\"text\/css\">.fusion-body .fusion-builder-column-0{width:50% !important;margin-top : 0px;margin-bottom : 0px;}.fusion-builder-column-0 > .fusion-column-wrapper {padding-top : 0px !important;padding-right : 0px !important;margin-right : 2.56%;padding-bottom : 0px !important;padding-left : 0px !important;margin-left : 3.84%;}@media only screen and (max-width:1024px) {.fusion-body .fusion-builder-column-0{width:50% !important;}.fusion-builder-column-0 > .fusion-column-wrapper {margin-right : 2.56%;margin-left : 3.84%;}}@media only screen and (max-width:640px) {.fusion-body .fusion-builder-column-0{width:100% !important;}.fusion-builder-column-0 > .fusion-column-wrapper {margin-right : 1.92%;margin-left : 1.92%;}}<\/style><div class=\"fusion-layout-column fusion_builder_column fusion-builder-column-1 fusion_builder_column_1_2 1_2 fusion-flex-column\"><div class=\"fusion-column-wrapper fusion-flex-justify-content-flex-start fusion-content-layout-column\" style=\"background-position:left top;background-repeat:no-repeat;-webkit-background-size:cover;-moz-background-size:cover;-o-background-size:cover;background-size:cover;padding: 0px 0px 0px 0px;\"><div class=\"fusion-text fusion-text-3\" style=\"transform:translate3d(0,0,0);\"><blockquote class=\"td_quote_box td_box_center\">\n<p style=\"text-align: justify;\">\u00ab La passion est encore ce qui aide le mieux \u00e0 vivre \u00bb<br \/>\n&#8211; Emile Zola<\/p>\n<\/blockquote>\n<p>L\u2019atelier de l\u2019artiste Dumont est d\u2019environ 15 x 24 pieds. Bien qu\u2019elle ait suffisamment d\u2019espace pour peindre de grands formats, elle caresse n\u00e9anmoins le r\u00eave d\u2019avoir un jour un atelier plus spacieux avec une lumi\u00e8re naturelle.<\/p>\n<p style=\"text-align: justify;\">Cet endroit, isol\u00e9 du reste de la maison, \u00e9clair\u00e9 \u00e0 la lumi\u00e8re des n\u00e9ons, lui offre une tranquillit\u00e9 propice \u00e0 la cr\u00e9ation. Son atelier est aussi un lieu de d\u00e9tente qui lui permet de s\u2019exprimer dans la solitude du moment pr\u00e9sent. Lorsque le besoin de lumi\u00e8re naturelle se fait sentir, elle monte \u00e0 l\u2019\u00e9tage pour observer son \u0153uvre \u00e0 la lumi\u00e8re du jour, notamment pour valider le choix des teintes. Pour elle, les deux qualit\u00e9s de lumi\u00e8re ont leur r\u00f4le \u00e0 jouer. Tout comme ses personnages qui expriment une part d\u2019ombre et de lumi\u00e8re, la lumi\u00e8re artificielle et naturelle sont les deux c\u00f4t\u00e9s d\u2019une m\u00eame m\u00e9daille ; elles ont toutes les deux leur importance et leur raison d\u2019\u00eatre dans le travail de l\u2019artiste. En atelier, Dumont utilise r\u00e9guli\u00e8rement de la peinture acrylique avec, parfois, du mortier et de l\u2019\u00e9poxy qu\u2019elle int\u00e8gre \u00e0 ses \u0153uvres. Son environnement de travail \u00e9tant suffisamment grand et a\u00e9r\u00e9 pour utiliser de la r\u00e9sine, elle n\u2019est pas incommod\u00e9e par le produit.<\/p>\n<p style=\"text-align: justify;\">Pour l\u2019artiste, l\u2019atelier est un lieu intime, un refuge, mais ne refuse pas pour autant d\u2019utiliser de la musique pour accompagner l\u2019inspiration. Elle s\u2019inspire \u00e9galement de photos avant de commencer et r\u00e9fl\u00e9chit longuement \u00e0 la composition \u00e0 venir. Depuis l\u2019enfance, l\u2019artiste se nourrit d\u2019images. Ce sont les regards, si\u00e8ges de l\u2019\u00e2me, qui l\u2019inspirent le plus. Il n\u2019est donc pas surprenant de retrouver des livres et des revues d\u2019art dans son atelier dans lequel elle travaille g\u00e9n\u00e9ralement au minimum 25 heures par semaine, pendant toute l\u2019ann\u00e9e. L\u2019artiste porte des v\u00eatements adapt\u00e9s \u00e0 son travail, marqu\u00e9s par ce temps pass\u00e9 en atelier. On lui a d\u2019ailleurs d\u00e9j\u00e0 fait la remarque que ses pantalons \u00e9taient, en eux-m\u00eames, une v\u00e9ritable \u0153uvre d\u2019art !<\/p>\n<p style=\"text-align: justify;\">A l\u2019occasion, l\u2019artiste pourrait travailler ailleurs que dans son atelier, mais pour le c\u00f4t\u00e9 pratique, elle pr\u00e9f\u00e8re de loin son environnement personnel qui est plus propice \u00e0 l\u2019inspiration et o\u00f9 tous ses outils sont \u00e0 port\u00e9e de mains. La cr\u00e9ation, pour Dumont, est avant tout un acte fondamentalement solitaire, bien qu\u2019il s\u2019accompagne parfois d\u2019\u00e9changes, de conseils et de rencontres constructives.<\/p>\n<p style=\"text-align: justify;\">L\u2019atelier de Dumont est ouvert au public sur rendez-vous, il est situ\u00e9 sur le chemin des Grillons \u00e0 Lac-Beauport (Qu\u00e9bec). <a href=\"mailto:artdumontj@gmail.com?subject=pour visiter l\u2019atelier\">Le public int\u00e9ress\u00e9 \u00e0 visiter son atelier peut la contacter<\/a>.<\/p>\n<\/div><\/div><\/div><style type=\"text\/css\">.fusion-body .fusion-builder-column-1{width:50% !important;margin-top : 0px;margin-bottom : 0px;}.fusion-builder-column-1 > .fusion-column-wrapper {padding-top : 0px !important;padding-right : 0px !important;margin-right : 3.84%;padding-bottom : 0px !important;padding-left : 0px !important;margin-left : 5.12%;}@media only screen and (max-width:1024px) {.fusion-body .fusion-builder-column-1{width:50% !important;}.fusion-builder-column-1 > .fusion-column-wrapper {margin-right : 3.84%;margin-left : 5.12%;}}@media only screen and (max-width:640px) {.fusion-body .fusion-builder-column-1{width:100% !important;}.fusion-builder-column-1 > .fusion-column-wrapper {margin-right : 1.92%;margin-left : 1.92%;}}<\/style><\/div><style type=\"text\/css\">.fusion-body .fusion-flex-container.fusion-builder-row-1{ padding-top : 0px;margin-top : 0px;padding-right : 0px;padding-bottom : 0px;margin-bottom : 0px;padding-left : 0px;}<\/style><\/div>\n","protected":false},"excerpt":{"rendered":"","protected":false},"author":1,"featured_media":0,"parent":1623,"menu_order":3,"comment_status":"closed","ping_status":"closed","template":"","meta":[],"_links":{"self":[{"href":"https:\/\/artzoomconnection.com\/dumont\/wp-json\/wp\/v2\/pages\/2472"}],"collection":[{"href":"https:\/\/artzoomconnection.com\/dumont\/wp-json\/wp\/v2\/pages"}],"about":[{"href":"https:\/\/artzoomconnection.com\/dumont\/wp-json\/wp\/v2\/types\/page"}],"author":[{"embeddable":true,"href":"https:\/\/artzoomconnection.com\/dumont\/wp-json\/wp\/v2\/users\/1"}],"replies":[{"embeddable":true,"href":"https:\/\/artzoomconnection.com\/dumont\/wp-json\/wp\/v2\/comments?post=2472"}],"version-history":[{"count":16,"href":"https:\/\/artzoomconnection.com\/dumont\/wp-json\/wp\/v2\/pages\/2472\/revisions"}],"predecessor-version":[{"id":2704,"href":"https:\/\/artzoomconnection.com\/dumont\/wp-json\/wp\/v2\/pages\/2472\/revisions\/2704"}],"up":[{"embeddable":true,"href":"https:\/\/artzoomconnection.com\/dumont\/wp-json\/wp\/v2\/pages\/1623"}],"wp:attachment":[{"href":"https:\/\/artzoomconnection.com\/dumont\/wp-json\/wp\/v2\/media?parent=2472"}],"curies":[{"name":"wp","href":"https:\/\/api.w.org\/{rel}","templated":true}]}}