
{"id":43,"date":"2009-11-16T23:50:16","date_gmt":"2009-11-17T04:50:16","guid":{"rendered":"http:\/\/www.artzoom.org\/members\/wordpress\/?page_id=43"},"modified":"2024-11-14T21:02:02","modified_gmt":"2024-11-14T20:02:02","slug":"videos","status":"publish","type":"page","link":"https:\/\/artzoomconnection.com\/dumont\/presse\/videos\/","title":{"rendered":"VID\u00c9OS"},"content":{"rendered":"<div class=\"fusion-fullwidth fullwidth-box fusion-builder-row-1 fusion-flex-container nonhundred-percent-fullwidth non-hundred-percent-height-scrolling\" style=\"background-color: rgba(255,255,255,0);background-position: center center;background-repeat: no-repeat;border-width: 0px 0px 0px 0px;border-color:#eae9e9;border-style:solid;\" ><div class=\"fusion-builder-row fusion-row fusion-flex-align-items-flex-start\" style=\"max-width:1144px;margin-left: calc(-4% \/ 2 );margin-right: calc(-4% \/ 2 );\"><div class=\"fusion-layout-column fusion_builder_column fusion-builder-column-0 fusion_builder_column_1_1 1_1 fusion-flex-column\"><div class=\"fusion-column-wrapper fusion-flex-justify-content-flex-start fusion-content-layout-column\" style=\"background-position:left top;background-repeat:no-repeat;-webkit-background-size:cover;-moz-background-size:cover;-o-background-size:cover;background-size:cover;padding: 0px 0px 0px 0px;\"><style type=\"text\/css\">@media only screen and (max-width:1024px) {.fusion-title.fusion-title-1{margin-top:0px!important;margin-bottom:31px!important;}}<\/style><div class=\"fusion-title title fusion-title-1 fusion-title-text fusion-title-size-four\" style=\"margin-top:0px;margin-bottom:31px;\"><div class=\"title-sep-container title-sep-container-left fusion-no-large-visibility fusion-no-medium-visibility fusion-no-small-visibility\"><div class=\"title-sep sep-double sep-solid\" style=\"border-color:#e0dede;\"><\/div><\/div><h4 class=\"title-heading-left\" style=\"margin:0;\">PRODUCTIONS AUDIOVISUELLES ET T\u00c9L\u00c9VISUELLES<\/h4><div class=\"title-sep-container title-sep-container-right\"><div class=\"title-sep sep-double sep-solid\" style=\"border-color:#e0dede;\"><\/div><\/div><\/div><\/div><\/div><style type=\"text\/css\">.fusion-body .fusion-builder-column-0{width:100% !important;margin-top : 0px;margin-bottom : 20px;}.fusion-builder-column-0 > .fusion-column-wrapper {padding-top : 0px !important;padding-right : 0px !important;margin-right : 1.92%;padding-bottom : 0px !important;padding-left : 0px !important;margin-left : 1.92%;}@media only screen and (max-width:1024px) {.fusion-body .fusion-builder-column-0{width:100% !important;order : 0;}.fusion-builder-column-0 > .fusion-column-wrapper {margin-right : 1.92%;margin-left : 1.92%;}}@media only screen and (max-width:640px) {.fusion-body .fusion-builder-column-0{width:100% !important;order : 0;}.fusion-builder-column-0 > .fusion-column-wrapper {margin-right : 1.92%;margin-left : 1.92%;}}<\/style><div class=\"fusion-layout-column fusion_builder_column fusion-builder-column-1 fusion_builder_column_1_2 1_2 fusion-flex-column\"><div class=\"fusion-column-wrapper fusion-flex-justify-content-flex-start fusion-content-layout-column\" style=\"background-position:left top;background-repeat:no-repeat;-webkit-background-size:cover;-moz-background-size:cover;-o-background-size:cover;background-size:cover;padding: 0px 0px 0px 0px;\"><div class=\"fusion-text fusion-text-1\" style=\"transform:translate3d(0,0,0);\"><div style=\"padding: 75% 0 0 0; position: relative;\"><iframe style=\"position: absolute; top: 0; left: 0; width: 100%; height: 100%;\" title=\"Mon film\" src=\"https:\/\/player.vimeo.com\/video\/1029769707?badge=0&amp;autopause=0&amp;player_id=0&amp;app_id=58479\" frameborder=\"0\"><\/iframe><\/div>\n<p><script src=\"https:\/\/player.vimeo.com\/api\/player.js\"><\/script><\/p>\n<p><a href=\"https:\/\/www.artzoomconnection.com\" target=\"_blank\" rel=\"noopener\">www.artzoomconnection.com<\/a><\/p>\n<p style=\"text-align: justify;\">Le Collectif International d\u2019Artistes ArtZoom (CIAAZ) a \u00e9t\u00e9 fond\u00e9 en France, en 1997. Il a \u00e9volu\u00e9 au fil des ann\u00e9es. Les artistes vivent sur trois continents diff\u00e9rents. Il est g\u00e9r\u00e9 par Art Total Multim\u00e9dia. Le CIAAZ est dirig\u00e9 par HeleneCaroline Fournier, experte en art et cofondatrice du CIAAZ. Cette vid\u00e9o pr\u00e9sente un \u00e9ventail des possibilit\u00e9s des artistes du CIAAZ. (c) Copyright Art Total Multim\u00e9dia, 2024 &#8211; Libre de diffusion sur Internet<\/p>\n<p><iframe src=\"https:\/\/player.vimeo.com\/video\/689529454?h=34d01d932a\" width=\"500\" height=\"281\" frameborder=\"0\" allowfullscreen=\"allowfullscreen\"><\/iframe><\/p>\n<p>Internation&#8217;ART 2022 &#8211; Exposition internationale annuelle (12e \u00e9dition) pr\u00e9sent\u00e9e du 1er avril au 31 d\u00e9cembre 2022 dans le Mus\u00e9e d&#8217;art contemporain VR 3D (MACVR3D), visible sur Internet et dans un casque de r\u00e9alit\u00e9 virtuelle &#8211; 13 artistes de 3 continents, 90 oeuvres &#8211; Commissaire: HeleneCaroline Fournier &#8211; Dur\u00e9e: 5:00 minutes &#8211; (c) Art Total Multimedia<\/p>\n<p><iframe src=\"https:\/\/player.vimeo.com\/video\/532999121?color=ff9900&amp;title=0&amp;byline=0&amp;portrait=0\" width=\"450\" height=\"253\" frameborder=\"0\" allowfullscreen=\"allowfullscreen\"><\/iframe><\/p>\n<p style=\"text-align: justify;\">Internation\u2019ART 2021, exposition internationale pr\u00e9sent\u00e9e dans le MACVR3D &#8211; 15 artistes, 85 oeuvres expos\u00e9es. Visible sur Internet et dans un casque de r\u00e9alit\u00e9 virtuelle, du 1er avril au 31 d\u00e9cembre 2021. Certaines oeuvres originales sont vendues dans la boutique du Mus\u00e9e: www.macvr3d.com &#8211; production Art Total Multim\u00e9dia &#8211; 5 avril 2021 &#8211; dur\u00e9e: 3:09 m<\/p>\n<p><iframe src=\"https:\/\/player.vimeo.com\/video\/533136915?color=ff9900&amp;title=0&amp;byline=0&amp;portrait=0\" width=\"450\" height=\"253\" frameborder=\"0\" allowfullscreen=\"allowfullscreen\"><\/iframe><\/p>\n<p style=\"text-align: justify;\">Les artistes peignent, dessinent, colorent notre quotidien. Soutenez-les. Suivez-les. www.macvr3d.com &#8211; ils exposent jusqu\u2019au 31 d\u00e9cembre 2021 dans le MACVR3D. Certaines de leurs oeuvres originales sont vendues en ligne sur la boutique du Mus\u00e9e. &#8211; production Art Total Multim\u00e9dia &#8211; 5 avril 2021 &#8211; dur\u00e9e: 3:58 m<\/p>\n<p><iframe src=\"https:\/\/player.vimeo.com\/video\/457176383\" width=\"450\" height=\"253\" frameborder=\"0\" allowfullscreen=\"allowfullscreen\"><\/iframe><\/p>\n<p style=\"text-align: justify;\">Entrevue septembre 2020 par Voila Qu\u00e9bec &#8211; Mois des galeries. C&#8217;est demain, samedi 12 septembre 2020, le deuxi\u00e8me rendez-vous du Mois des Galeries. \u00c0 ne pas manquer&#8230;R\u00e9alisation : Doudoux Barry &#8211; Cr\u00e9dit : M\u00e9dia Num\u00e9rique A<\/p>\n<p><iframe src=\"https:\/\/player.vimeo.com\/video\/455676036\" width=\"450\" height=\"253\" frameborder=\"0\" allowfullscreen=\"allowfullscreen\"><\/iframe><\/p>\n<p style=\"text-align: justify;\">Mois des galeries. Passage de Jocelyne Dumont au T\u00e9l\u00e9-Journal de Radio-Canada du samedi 5 septembre 2020. La Nuit des galeries qui aurait tenu sa 16e \u00e9dition cette ann\u00e9e, en r\u00e9action \u00e0 la pand\u00e9mie, est devenue le Mois des galeries. Au lieu de se concentrer sur une seule soir\u00e9e, les galeristes accueillent maintenant les amateurs d&#8217;art les samedis de septembre.<\/p>\n<p><iframe src=\"https:\/\/player.vimeo.com\/video\/409709903\" width=\"450\" height=\"253\" frameborder=\"0\" allowfullscreen=\"allowfullscreen\"><\/iframe><\/p>\n<p style=\"text-align: justify;\">A l\u2019heure du confinement impos\u00e9 par la pand\u00e9mie COVID-19, le monde virtuel vient au secours du monde r\u00e9el. La commissaire de l\u2019Internation\u2019ART vous invite \u00e0 visiter l\u2019exposition Internation\u2019ART qui pr\u00e9sente 18 artistes, 93 oeuvres dans le MACVR3D. L\u2019expo est pr\u00e9sent\u00e9e jusqu\u2019au 31 d\u00e9cembre 2020 sur le site: www.macvr3d.com \u2013 20 avril 2020 \u2013 Libre de diffusion sur Internet<\/p>\n<p><iframe src=\"https:\/\/player.vimeo.com\/video\/408645345\" width=\"450\" height=\"253\" frameborder=\"0\" allowfullscreen=\"allowfullscreen\"><\/iframe><\/p>\n<p style=\"text-align: justify;\">\u00c9mission &#8220;Connect\u00e9 Roberval&#8221; &#8211; Caroline Fortin, journaliste, en entrevue avec HeleneCaroline Fournier, commissaire de l&#8217;Internation&#8217;ART pour NOUSTV Roberval &#8211; avril 2020<\/p>\n<p><iframe src=\"https:\/\/player.vimeo.com\/video\/408646602\" width=\"450\" height=\"253\" frameborder=\"0\" allowfullscreen=\"allowfullscreen\"><\/iframe><\/p>\n<p style=\"text-align: justify;\">Podcast d\u2019ArtZoom \u2013 LO, l\u2019un des artistes de l\u2019exposition Internation\u2019ART 2020 pr\u00e9sente la r\u00e9alit\u00e9 virtuelle de l\u2019exposition \u00e0 voir sur Internet et dans un casque de r\u00e9alit\u00e9 virtuelle \u2013 avril 2020<\/p>\n<\/div><\/div><\/div><style type=\"text\/css\">.fusion-body .fusion-builder-column-1{width:50% !important;margin-top : 0px;margin-bottom : 0px;}.fusion-builder-column-1 > .fusion-column-wrapper {padding-top : 0px !important;padding-right : 0px !important;margin-right : 3.84%;padding-bottom : 0px !important;padding-left : 0px !important;margin-left : 3.84%;}@media only screen and (max-width:1024px) {.fusion-body .fusion-builder-column-1{width:50% !important;}.fusion-builder-column-1 > .fusion-column-wrapper {margin-right : 3.84%;margin-left : 3.84%;}}@media only screen and (max-width:640px) {.fusion-body .fusion-builder-column-1{width:100% !important;}.fusion-builder-column-1 > .fusion-column-wrapper {margin-right : 1.92%;margin-left : 1.92%;}}<\/style><div class=\"fusion-layout-column fusion_builder_column fusion-builder-column-2 fusion_builder_column_1_2 1_2 fusion-flex-column\"><div class=\"fusion-column-wrapper fusion-flex-justify-content-flex-start fusion-content-layout-column\" style=\"background-position:left top;background-repeat:no-repeat;-webkit-background-size:cover;-moz-background-size:cover;-o-background-size:cover;background-size:cover;padding: 0px 0px 0px 0px;\"><div class=\"fusion-text fusion-text-2\" style=\"transform:translate3d(0,0,0);\"><p><iframe src=\"https:\/\/player.vimeo.com\/video\/399529721\" width=\"450\" height=\"253\" frameborder=\"0\" allowfullscreen=\"allowfullscreen\"><\/iframe><\/p>\n<p style=\"text-align: justify;\">Podcast d\u2019ArtZoom pour annoncer l\u2019Internation\u2019ART 2020 du 28 mars au 31 d\u00e9cembre 2020 dans le MACVR3D \u2013 Dur\u00e9e: 1:02 minutes \u2013 Libre de diffusion sur Internet \u2013 cc Aucune utilisation commerciale, partage dans les m\u00eames conditions \u2013 Une production Art Total Multim\u00e9dia \u2013 mars 2020<\/p>\n<p><iframe src=\"https:\/\/player.vimeo.com\/video\/333671505?color=ff9900&amp;title=0&amp;byline=0&amp;portrait=0\" width=\"450\" height=\"253\" frameborder=\"0\" allowfullscreen=\"allowfullscreen\"><\/iframe><\/p>\n<p style=\"text-align: justify;\">\u00c9mission Zoom ! pr\u00e9sentant l&#8217;Internation&#8217;ART 2019 &#8211; r\u00e9alisation, production et diffusion NOUSTV (HD555 C\u00e2ble 13), Roberval (Canada). Journaliste Caroline Fortin, prise de vue et montage Luc Dassylva. L&#8217;Internation&#8217;ART est pr\u00e9sent\u00e9 du 30 mars au 30 mai 2019 \u00e0 la Biblioth\u00e8que Georges-Henri-L\u00e9vesque, 829 boul. St-Joseph, Roberval (Qu\u00e9bec-Canada) &#8211; Commissaire d&#8217;exposition: HeleneCaroline Fournier &#8211; conf\u00e9renci\u00e8re invit\u00e9e lors du vernissage Guylaine Tanguay.<\/p>\n<p><iframe src=\"https:\/\/player.vimeo.com\/video\/329972844?color=ff9900&amp;title=0&amp;byline=0&amp;portrait=0\" width=\"450\" height=\"253\" frameborder=\"0\" allowfullscreen=\"allowfullscreen\"><\/iframe><\/p>\n<p style=\"text-align: justify;\">Extrait de l\u2019\u00e9mission \u00ab\u00a0La Vitrine culturelle\u00a0\u00bb, MATV Saguenay-Lac-St-Jean, diffusion Vid\u00e9otron, 11 avril 2019 &#8211; Internation\u2019ART 9e \u00e9dition \u00e0 Roberval.<\/p>\n<p><iframe src=\"https:\/\/player.vimeo.com\/video\/329641464\" width=\"450\" height=\"253\" frameborder=\"0\" allowfullscreen=\"allowfullscreen\"><\/iframe><\/p>\n<p style=\"text-align: justify;\">INTERNATION\u2019ART 2019 &#8211; Exposition internationale au 829 boul. St-Joseph, Roberval (Canada) &#8211; 20 artistes de 3 continents diff\u00e9rents en exposition jusqu\u2019au 30 mai 2019. Commissariat: HeleneCaroline Fournier &#8211; Dur\u00e9e: 3:15 minutes &#8211; r\u00e9alisation: Art Total Multim\u00e9dia &#8211; Libre de diffusion sur Internet<\/p>\n<p><iframe src=\"https:\/\/player.vimeo.com\/video\/328772084\" width=\"450\" height=\"253\" frameborder=\"0\" allowfullscreen=\"allowfullscreen\"><\/iframe><\/p>\n<p style=\"text-align: justify;\">Internation\u2019ART 9e \u00e9dition au TJ Extra Saguenay-Lac-Saint-Jean, avec Julie Larouche de ICI Radio-Canada &#8211; Dur\u00e9e: 21:37 minutes &#8211; Date de diffusion: 5 avril 2019 (c) ICI Radio-Canada<\/p>\n<p><iframe src=\"https:\/\/player.vimeo.com\/video\/327492925\" width=\"450\" height=\"253\" frameborder=\"0\" allowfullscreen=\"allowfullscreen\"><\/iframe><\/p>\n<p style=\"text-align: justify;\">INTERNATION\u2019ART 2019 &#8211; Exposition internationale pr\u00e9sent\u00e9e du 30 mars au 30 mai 2019 au 829 boul. St-Joseph, Roberval (Canada) &#8211; 20 artistes d\u2019Alg\u00e9rie, de Belgique, du Canada et de France en exposition. Commissariat: HeleneCaroline Fournier &#8211; Dur\u00e9e: 2:58 minutes &#8211; r\u00e9alisation: Art Total Multim\u00e9dia &#8211; Libre de diffusion sur Internet<\/p>\n<p><iframe src=\"https:\/\/player.vimeo.com\/video\/267051539?color=ff9900&amp;title=0&amp;byline=0&amp;portrait=0\" width=\"450\" height=\"253\" frameborder=\"0\" allowfullscreen=\"allowfullscreen\"><\/iframe><script src=\"https:\/\/player.vimeo.com\/api\/player.js\"><\/script><\/p>\n<p style=\"text-align: justify;\">Les arts au rendez-vous chez DeSerres, les 27, 28 et 29 avril 2018 de 11h \u00e0 16h &#8211; plusieurs artistes sur place &#8211; Dur\u00e9e: 5:03 minutes &#8211; r\u00e9alisation: Art Total Multim\u00e9dia &#8211; Libre de diffusion sur Internet<\/p>\n<p><iframe src=\"https:\/\/player.vimeo.com\/video\/155445915?title=0&amp;byline=0&amp;portrait=0\" width=\"450\" height=\"281\" frameborder=\"0\" allowfullscreen=\"allowfullscreen\"><\/iframe><\/p>\n<p style=\"text-align: justify;\">Reportage de CCAP, le 6 f\u00e9vrier 2016<\/p>\n<\/div><\/div><\/div><style type=\"text\/css\">.fusion-body .fusion-builder-column-2{width:50% !important;margin-top : 0px;margin-bottom : 0px;}.fusion-builder-column-2 > .fusion-column-wrapper {padding-top : 0px !important;padding-right : 0px !important;margin-right : 3.84%;padding-bottom : 0px !important;padding-left : 0px !important;margin-left : 3.84%;}@media only screen and (max-width:1024px) {.fusion-body .fusion-builder-column-2{width:50% !important;}.fusion-builder-column-2 > .fusion-column-wrapper {margin-right : 3.84%;margin-left : 3.84%;}}@media only screen and (max-width:640px) {.fusion-body .fusion-builder-column-2{width:100% !important;}.fusion-builder-column-2 > .fusion-column-wrapper {margin-right : 1.92%;margin-left : 1.92%;}}<\/style><\/div><style type=\"text\/css\">.fusion-body .fusion-flex-container.fusion-builder-row-1{ padding-top : 0px;margin-top : 0px;padding-right : 0px;padding-bottom : 0px;margin-bottom : 0px;padding-left : 0px;}<\/style><\/div>\n","protected":false},"excerpt":{"rendered":"","protected":false},"author":1,"featured_media":0,"parent":1687,"menu_order":4,"comment_status":"closed","ping_status":"closed","template":"","meta":[],"_links":{"self":[{"href":"https:\/\/artzoomconnection.com\/dumont\/wp-json\/wp\/v2\/pages\/43"}],"collection":[{"href":"https:\/\/artzoomconnection.com\/dumont\/wp-json\/wp\/v2\/pages"}],"about":[{"href":"https:\/\/artzoomconnection.com\/dumont\/wp-json\/wp\/v2\/types\/page"}],"author":[{"embeddable":true,"href":"https:\/\/artzoomconnection.com\/dumont\/wp-json\/wp\/v2\/users\/1"}],"replies":[{"embeddable":true,"href":"https:\/\/artzoomconnection.com\/dumont\/wp-json\/wp\/v2\/comments?post=43"}],"version-history":[{"count":45,"href":"https:\/\/artzoomconnection.com\/dumont\/wp-json\/wp\/v2\/pages\/43\/revisions"}],"predecessor-version":[{"id":2713,"href":"https:\/\/artzoomconnection.com\/dumont\/wp-json\/wp\/v2\/pages\/43\/revisions\/2713"}],"up":[{"embeddable":true,"href":"https:\/\/artzoomconnection.com\/dumont\/wp-json\/wp\/v2\/pages\/1687"}],"wp:attachment":[{"href":"https:\/\/artzoomconnection.com\/dumont\/wp-json\/wp\/v2\/media?parent=43"}],"curies":[{"name":"wp","href":"https:\/\/api.w.org\/{rel}","templated":true}]}}