
{"id":1642,"date":"2009-11-16T23:34:34","date_gmt":"2009-11-17T04:34:34","guid":{"rendered":"http:\/\/www.artzoom.org\/members\/wordpress\/?page_id=27"},"modified":"2021-01-08T22:38:37","modified_gmt":"2021-01-08T21:38:37","slug":"critique","status":"publish","type":"page","link":"https:\/\/artzoomconnection.com\/guylainemalo\/presse\/critique\/","title":{"rendered":"CRITIQUES"},"content":{"rendered":"<div class=\"fusion-fullwidth fullwidth-box fusion-builder-row-1 nonhundred-percent-fullwidth non-hundred-percent-height-scrolling\" style=\"background-color: rgba(255,255,255,0);background-position: center center;background-repeat: no-repeat;padding-top:0px;padding-right:0px;padding-bottom:0px;padding-left:0px;margin-bottom: 0px;margin-top: 0px;border-width: 0px 0px 0px 0px;border-color:#eae9e9;border-style:solid;\" ><div class=\"fusion-builder-row fusion-row\"><div class=\"fusion-layout-column fusion_builder_column fusion-builder-column-0 fusion_builder_column_1_1 1_1 fusion-one-full fusion-column-first fusion-column-last\" style=\"margin-top:0px;margin-bottom:0px;\"><div class=\"fusion-column-wrapper fusion-flex-column-wrapper-legacy\" style=\"background-position:left top;background-repeat:no-repeat;-webkit-background-size:cover;-moz-background-size:cover;-o-background-size:cover;background-size:cover;padding: 0px 0px 0px 0px;\"><div class=\"fusion-text fusion-text-1\" style=\"transform:translate3d(0,0,0);\"><h4>\u00c9CRITES SUR L&#8217;ARTISTE<\/h4>\n<h5>Au-del\u00e0 du dessin, une passion<\/h5>\n<p><cite>HeleneCaroline Fournier<\/cite><\/p>\n<p style=\"text-align: justify;\">Guylaine Malo est une artiste multidisciplinaire: dessinatrice, aquarelliste et peintre. Elle a su d\u00e9velopper les genres comme le dessin (traditionnel) au graphite, \u00e0 l\u2019encre, \u00e0 l\u2019aquarelle, allant jusqu\u2019au dessin anim\u00e9 pour la t\u00e9l\u00e9vision ou le cin\u00e9ma (ayant \u00e9tudi\u00e9 en dessin anim\u00e9). Son travail artistique s\u2019est form\u00e9 au cours des ann\u00e9es par une immense soif de cr\u00e9ativit\u00e9 dans laquelle elle donnait une personnalit\u00e9 \u00e0 des objets qu\u2019elle animait d\u2019une \u00e2me sensible. A travers son imaginaire sans limite, elle a r\u00e9ussi \u00e0 donner un poids, un volume, une vitalit\u00e9 \u00e0 des personnages. Ainsi, il n\u2019est pas rare de d\u00e9couvrir des portraits de gens qui l\u2019ont marqu\u00e9e, des animaux qu\u2019elle a aim\u00e9s ou encore des paysages appartenant \u00e0 son pass\u00e9. L\u2019artiste est habit\u00e9e par un monde merveilleux qui ne demande qu\u2019\u00e0 \u00eatre dessin\u00e9, peint ou anim\u00e9. Ce monde int\u00e9rieur, enrichi de douces pens\u00e9es et\/ou de m\u00e9lancoliques souvenirs, a l\u2019imp\u00e9rieux d\u00e9sir de s\u2019ext\u00e9rioriser d\u2019une fa\u00e7on ou d\u2019une autre sur papier, sur toile ou sur \u00e9cran. Par son travail, nous d\u00e9couvrons une passion qui a d\u00e9but\u00e9 tr\u00e8s t\u00f4t dans l\u2019enfance et qui n\u2019a jamais cess\u00e9.<\/p>\n<p style=\"text-align: justify;\">septembre 2018, <a href=\"http:\/\/artzoom.blog.lemonde.fr\/2018\/09\/03\/au-dela-du-dessin-une-passion\/\" target=\"_blank\" rel=\"noopener\">LeMonde (blog)<\/a><\/p>\n<h5>\u00a0<\/h5>\n<h5>Guylaine Malo<\/h5>\n<p><cite>HeleneCaroline Fournier<\/cite><\/p>\n<p style=\"text-align: justify;\">Guylaine Malo a une large gamme de possibilit\u00e9s au bout des doigts. Dessin au graphite ou \u00e0 l\u2019encre, aquarelle, peinture \u00e0 l\u2019acrylique, etc. qu\u2019ils soient souvenirs ou inventions tir\u00e9es d\u2019un monde imaginaire, ses oeuvres sont remarquables par leur trait de crayon ou de pinceau. L\u2019artiste ma\u00eetrise son art \u00e0 travers une diversit\u00e9 de sujets, toujours en accord avec sa personnalit\u00e9, qui donne \u00e0 son travail cette touche de sensibilit\u00e9 que nous percevons derri\u00e8re toutes choses.<\/p>\n<p style=\"text-align: justify;\">Octobre 2012, Art Total Multim\u00e9dia<\/p>\n<\/div><div class=\"fusion-clearfix\"><\/div><\/div><\/div><\/div><\/div>\n","protected":false},"excerpt":{"rendered":"","protected":false},"author":1,"featured_media":0,"parent":1687,"menu_order":2,"comment_status":"open","ping_status":"open","template":"","meta":[],"_links":{"self":[{"href":"https:\/\/artzoomconnection.com\/guylainemalo\/wp-json\/wp\/v2\/pages\/1642"}],"collection":[{"href":"https:\/\/artzoomconnection.com\/guylainemalo\/wp-json\/wp\/v2\/pages"}],"about":[{"href":"https:\/\/artzoomconnection.com\/guylainemalo\/wp-json\/wp\/v2\/types\/page"}],"author":[{"embeddable":true,"href":"https:\/\/artzoomconnection.com\/guylainemalo\/wp-json\/wp\/v2\/users\/1"}],"replies":[{"embeddable":true,"href":"https:\/\/artzoomconnection.com\/guylainemalo\/wp-json\/wp\/v2\/comments?post=1642"}],"version-history":[{"count":11,"href":"https:\/\/artzoomconnection.com\/guylainemalo\/wp-json\/wp\/v2\/pages\/1642\/revisions"}],"predecessor-version":[{"id":2602,"href":"https:\/\/artzoomconnection.com\/guylainemalo\/wp-json\/wp\/v2\/pages\/1642\/revisions\/2602"}],"up":[{"embeddable":true,"href":"https:\/\/artzoomconnection.com\/guylainemalo\/wp-json\/wp\/v2\/pages\/1687"}],"wp:attachment":[{"href":"https:\/\/artzoomconnection.com\/guylainemalo\/wp-json\/wp\/v2\/media?parent=1642"}],"curies":[{"name":"wp","href":"https:\/\/api.w.org\/{rel}","templated":true}]}}