
{"id":1625,"date":"2012-11-10T15:31:33","date_gmt":"2012-11-10T14:31:33","guid":{"rendered":"http:\/\/www.artzoomconnection.com\/lo\/?page_id=1625"},"modified":"2023-03-22T00:20:04","modified_gmt":"2023-03-21T23:20:04","slug":"biographie","status":"publish","type":"page","link":"https:\/\/artzoomconnection.com\/jeanpotvin\/presentation\/biographie\/","title":{"rendered":"BIOGRAPHIE"},"content":{"rendered":"<div class=\"fusion-fullwidth fullwidth-box fusion-builder-row-1 fusion-flex-container nonhundred-percent-fullwidth non-hundred-percent-height-scrolling\" style=\"background-color: rgba(255,255,255,0);background-position: center center;background-repeat: no-repeat;border-width: 0px 0px 0px 0px;border-color:#eae9e9;border-style:solid;\" ><div class=\"fusion-builder-row fusion-row fusion-flex-align-items-flex-start\" style=\"max-width:1144px;margin-left: calc(-4% \/ 2 );margin-right: calc(-4% \/ 2 );\"><div class=\"fusion-layout-column fusion_builder_column fusion-builder-column-0 fusion_builder_column_1_3 1_3 fusion-flex-column\"><div class=\"fusion-column-wrapper fusion-flex-justify-content-flex-start fusion-content-layout-column\" style=\"background-position:left top;background-repeat:no-repeat;-webkit-background-size:cover;-moz-background-size:cover;-o-background-size:cover;background-size:cover;padding: 0px 0px 0px 0px;\"><div class=\"fusion-text fusion-text-1\"><h4>FORMATION<\/h4>\n<p><strong>2003:<\/strong> Technique du vitrail &#8211; Les Artisans du Vitrail, Qu\u00e9bec<br \/>\n<strong>1998-2004:<\/strong> UAV &#8211; Universit\u00e9 Laval, Qu\u00e9bec<br \/>\n<strong>1966:<\/strong> Dipl\u00f4me en dessin industriel \u2013 I.T.A.<\/p>\n<p><strong>2019:<\/strong> Cours semi-priv\u00e9 en histoire de l\u2019art \u00ab\u00a0350 ans de pratiques artistiques au Qu\u00e9bec\u00a0\u00bb au MNBAQ, avec HeleneCaroline Fournier, experte en art et th\u00e9oricienne de l\u2019art (Acad\u00e9mie des arts visuels du CIAAZ) &#8211; avec certificat d\u2019\u00e9tude<br \/>\n<strong>2018:<\/strong> Cours d&rsquo;art et d&rsquo;histoire de l&rsquo;art au MNBAQ avec l&rsquo;Acad\u00e9mie des arts visuels du CIAAZ, donn\u00e9 par HeleneCaroline Fournier, experte en art et th\u00e9oricienne de l&rsquo;art. Le cours portait sur l&rsquo;exposition temporaire \u00ab\u00a0Alberto Giacometti\u00a0\u00bb et sur l&rsquo;exposition permanente \u00ab\u00a0Fernand Leduc. Un peintre de lumi\u00e8re\u00a0\u00bb et l&rsquo;histoire des couleurs \u00e0 travers les si\u00e8cles, leur propri\u00e9t\u00e9 et leur symbolisme.<\/p>\n<\/div><\/div><style type=\"text\/css\">.fusion-body .fusion-builder-column-0{width:33.333333333333% !important;margin-top : 0px;margin-bottom : 0px;}.fusion-builder-column-0 > .fusion-column-wrapper {padding-top : 0px !important;padding-right : 0px !important;margin-right : 3.84%;padding-bottom : 0px !important;padding-left : 0px !important;margin-left : 5.76%;}@media only screen and (max-width:1024px) {.fusion-body .fusion-builder-column-0{width:100% !important;}.fusion-builder-column-0 > .fusion-column-wrapper {margin-right : 1.92%;margin-left : 1.92%;}}@media only screen and (max-width:640px) {.fusion-body .fusion-builder-column-0{width:100% !important;}.fusion-builder-column-0 > .fusion-column-wrapper {margin-right : 1.92%;margin-left : 1.92%;}}<\/style><\/div><div class=\"fusion-layout-column fusion_builder_column fusion-builder-column-1 fusion_builder_column_2_3 2_3 fusion-flex-column\"><div class=\"fusion-column-wrapper fusion-flex-justify-content-flex-start fusion-content-layout-column\" style=\"background-position:left top;background-repeat:no-repeat;-webkit-background-size:cover;-moz-background-size:cover;-o-background-size:cover;background-size:cover;padding: 0px 0px 0px 0px;\"><div class=\"fusion-text fusion-text-2\"><h4>PR\u00c9SENTATION DE L&rsquo;ARTISTE<\/h4>\n<p style=\"text-align: justify;\"><img decoding=\"async\" class=\"alignright size-full wp-image-2502\" src=\"http:\/\/artzoomconnection.com\/jeanpotvin\/wp-content\/uploads\/jeanpotvin.jpg\" alt=\"Jean Potvin\" width=\"150\" height=\"150\" srcset=\"https:\/\/artzoomconnection.com\/jeanpotvin\/wp-content\/uploads\/jeanpotvin-60x60.jpg 60w, https:\/\/artzoomconnection.com\/jeanpotvin\/wp-content\/uploads\/jeanpotvin.jpg 150w\" sizes=\"(max-width: 150px) 100vw, 150px\" \/>Originaire de la ville de Qu\u00e9bec, Jean Potvin est n\u00e9 en 1947. Il a longtemps men\u00e9 une double carri\u00e8re avant de devenir artiste \u00e0 plein temps en 2002. Il a d\u00e9but\u00e9 la peinture en 1972. Il s&rsquo;est fait conna\u00eetre notamment par ses huiles, ses acryliques et par ses oeuvres r\u00e9alis\u00e9es en techniques mixtes.<\/p>\n<p style=\"text-align: justify;\">Tr\u00e8s actif dans le monde l&rsquo;art, Jean Potvin est membre de la <em>Soci\u00e9t\u00e9 Artistique de Charlesbourg<\/em> (SAC) de 1981 \u00e0 2003. Il est aussi fondateur et vice-pr\u00e9sident de la <em>Soci\u00e9t\u00e9 Artistique et Culturelle de Qu\u00e9bec<\/em> (SACQ) de 1993 \u00e0 1998. De 1997 \u00e0 2000, il devient administrateur au <em>Club culturel Qu\u00e9bec M\u00e9tropolitain<\/em> (CCQM). De 2001 \u00e0 2003, il est membre du comit\u00e9 de <em>l&rsquo;Exposium des Arts<\/em> de la <em>Soci\u00e9t\u00e9 Artistique de Charlesbourg<\/em> (SAC). De 2003 \u00e0 2006, il est membre de l&rsquo;<em>Association des Cr\u00e9ateurs et Artisans de Sillery<\/em> (ACAS). Il poursuit sa carri\u00e8re, en 2004 et en 2005, en tant que professeur de peinture et m\u00e9diums mixtes au Centre des Loisirs St-Sacrement \u00e0 Qu\u00e9bec, puis en 2008-2009, il devient membre du <em>Mouvement d&rsquo;Animation Artistique de Cap-Rouge<\/em> (MAA). En 2007, 2008 et 2009, il est pr\u00e9sident de la <em>Soci\u00e9t\u00e9 artistique et culturelle de Qu\u00e9bec<\/em> (SACQ). En 2007, 2008 et 2009, ses oeuvres sont s\u00e9lectionn\u00e9es par un jury pour\u00a0faire partie des <em>Prix en Arts<\/em> et sont acquises par la <em>Soci\u00e9t\u00e9 du Patrimoine de Saint-Anselme<\/em>. De 2009 \u00e0 2011, il est \u00e0 nouveau professeur de peinture et m\u00e9diums mixtes mais, au Carrefour du plateau \u00e0 Qu\u00e9bec, cette fois-ci. Finalement, il est pr\u00e9sident des <em>Ateliers Ouverts<\/em> de 2010 \u00e0 2013. Depuis 2020, l&rsquo;une de ses oeuvres fait partie de la collection permanente de la Maison Louis Fr\u00e9chette. L&rsquo;arrondissement Beauport poss\u00e8de \u00e9galement \u00a0deux de ses oeuvres dans leur collection permanente.<\/p>\n<p style=\"text-align: justify;\">Jean Potvin est aujourd&rsquo;hui membre actif de la <em>Federation of Canadian Artists<\/em> \u00e0 Vancouver (FCA), membre \u00e0 vie de la <em>Soci\u00e9t\u00e9 Artistique et Culturelle de Qu\u00e9bec<\/em> (SACQ) et membre professionnel du <em>Collectif International d&rsquo;Artistes ArtZoom<\/em> (CIAAZ).<\/p>\n<p style=\"text-align: justify;\">Pour l&rsquo;artiste, l&rsquo;oeuvre satisfait g\u00e9n\u00e9ralement un besoin fondamental et imp\u00e9ratif: celui de communiquer, en tout premier lieu. Les gens, les lieux, les objets, les croyances ou les pens\u00e9es qui meublent le quotidien de l&rsquo;artiste r\u00e9v\u00e8lent un instant particulier, marqu\u00e9s du sceau de l&rsquo;art. Jean Potvin travaille en esp\u00e9rant que le public partage l&rsquo;un de ses moments pr\u00e9cieux o\u00f9 une \u00e9motion a fait na\u00eetre une oeuvre. L&rsquo;artiste essaie de guider le spectateur dans sa recherche de \u00ab\u00a0l&rsquo;autre c\u00f4t\u00e9 de l&rsquo;image\u00a0\u00bb qu&rsquo;il voit. Cet \u00ab\u00a0autre c\u00f4t\u00e9 de l&rsquo;image\u00a0\u00bb doit \u00eatre autre chose qu&rsquo;une couleur, qu&rsquo;un personnage ou qu&rsquo;un objet simplement repr\u00e9sent\u00e9. L&rsquo;art doit \u00eatre un tout qui raconte une histoire que chacun peut s&rsquo;approprier.<\/p>\n<p style=\"text-align: justify;\">Jean Potvin est un artiste incontournable et est consid\u00e9r\u00e9 par certains comme un pionnier dans le d\u00e9veloppement de l&rsquo;art au Qu\u00e9bec. En 2020, il fait partie des quinze artistes professionnels qui participent \u00e0 une \u00e9tude sociologique ayant trait aux effets de la pand\u00e9mie au niveau de la pratique artistique chez les artistes en arts visuels. Le dossier th\u00e9matique sp\u00e9cial a \u00e9t\u00e9 publi\u00e9 exclusivement sur HEART, magazine des arts, en deux volets, \u00e0 l\u2019\u00e9t\u00e9 et \u00e0 l\u2019automne 2020.<\/p>\n<\/div><\/div><style type=\"text\/css\">.fusion-body .fusion-builder-column-1{width:66.666666666667% !important;margin-top : 0px;margin-bottom : 0px;}.fusion-builder-column-1 > .fusion-column-wrapper {padding-top : 0px !important;padding-right : 0px !important;margin-right : 2.88%;padding-bottom : 0px !important;padding-left : 0px !important;margin-left : 3.84%;}@media only screen and (max-width:1024px) {.fusion-body .fusion-builder-column-1{width:100% !important;}.fusion-builder-column-1 > .fusion-column-wrapper {margin-right : 1.92%;margin-left : 1.92%;}}@media only screen and (max-width:640px) {.fusion-body .fusion-builder-column-1{width:100% !important;}.fusion-builder-column-1 > .fusion-column-wrapper {margin-right : 1.92%;margin-left : 1.92%;}}<\/style><\/div><\/div><style type=\"text\/css\">.fusion-body .fusion-flex-container.fusion-builder-row-1{ padding-top : 0px;margin-top : 0px;padding-right : 0px;padding-bottom : 0px;margin-bottom : 0px;padding-left : 0px;}<\/style><\/div>\n","protected":false},"excerpt":{"rendered":"","protected":false},"author":1,"featured_media":0,"parent":1623,"menu_order":0,"comment_status":"closed","ping_status":"closed","template":"","meta":[],"_links":{"self":[{"href":"https:\/\/artzoomconnection.com\/jeanpotvin\/wp-json\/wp\/v2\/pages\/1625"}],"collection":[{"href":"https:\/\/artzoomconnection.com\/jeanpotvin\/wp-json\/wp\/v2\/pages"}],"about":[{"href":"https:\/\/artzoomconnection.com\/jeanpotvin\/wp-json\/wp\/v2\/types\/page"}],"author":[{"embeddable":true,"href":"https:\/\/artzoomconnection.com\/jeanpotvin\/wp-json\/wp\/v2\/users\/1"}],"replies":[{"embeddable":true,"href":"https:\/\/artzoomconnection.com\/jeanpotvin\/wp-json\/wp\/v2\/comments?post=1625"}],"version-history":[{"count":55,"href":"https:\/\/artzoomconnection.com\/jeanpotvin\/wp-json\/wp\/v2\/pages\/1625\/revisions"}],"predecessor-version":[{"id":5187,"href":"https:\/\/artzoomconnection.com\/jeanpotvin\/wp-json\/wp\/v2\/pages\/1625\/revisions\/5187"}],"up":[{"embeddable":true,"href":"https:\/\/artzoomconnection.com\/jeanpotvin\/wp-json\/wp\/v2\/pages\/1623"}],"wp:attachment":[{"href":"https:\/\/artzoomconnection.com\/jeanpotvin\/wp-json\/wp\/v2\/media?parent=1625"}],"curies":[{"name":"wp","href":"https:\/\/api.w.org\/{rel}","templated":true}]}}

<div class="fusion-fullwidth fullwidth-box fusion-builder-row-1 fusion-flex-container nonhundred-percent-fullwidth non-hundred-percent-height-scrolling" style="background-color: rgba(255,255,255,0);background-position: center center;background-repeat: no-repeat;border-width: 0px 0px 0px 0px;border-color:#eae9e9;border-style:solid;" ><div class="fusion-builder-row fusion-row fusion-flex-align-items-flex-start" style="max-width:1144px;margin-left: calc(-4% / 2 );margin-right: calc(-4% / 2 );"><div class="fusion-layout-column fusion_builder_column fusion-builder-column-0 fusion_builder_column_1_3 1_3 fusion-flex-column"><div class="fusion-column-wrapper fusion-flex-justify-content-flex-start fusion-content-layout-column" style="background-position:left top;background-repeat:no-repeat;-webkit-background-size:cover;-moz-background-size:cover;-o-background-size:cover;background-size:cover;padding: 0px 0px 0px 0px;"><div class="fusion-text fusion-text-1"><h4>FORMATION</h4>
<p><strong>2003:</strong> Technique du vitrail &#8211; Les Artisans du Vitrail, Québec<br />
<strong>1998-2004:</strong> UAV &#8211; Université Laval, Québec<br />
<strong>1966:</strong> Diplôme en dessin industriel – I.T.A.</p>
<p><strong>2019:</strong> Cours semi-privé en histoire de l’art « 350 ans de pratiques artistiques au Québec » au MNBAQ, avec HeleneCaroline Fournier, experte en art et théoricienne de l’art (Académie des arts visuels du CIAAZ) &#8211; avec certificat d’étude<br />
<strong>2018:</strong> Cours d&rsquo;art et d&rsquo;histoire de l&rsquo;art au MNBAQ avec l&rsquo;Académie des arts visuels du CIAAZ, donné par HeleneCaroline Fournier, experte en art et théoricienne de l&rsquo;art. Le cours portait sur l&rsquo;exposition temporaire « Alberto Giacometti » et sur l&rsquo;exposition permanente « Fernand Leduc. Un peintre de lumière » et l&rsquo;histoire des couleurs à travers les siècles, leur propriété et leur symbolisme.</p>
</div></div><style type="text/css">.fusion-body .fusion-builder-column-0{width:33.333333333333% !important;margin-top : 0px;margin-bottom : 0px;}.fusion-builder-column-0 > .fusion-column-wrapper {padding-top : 0px !important;padding-right : 0px !important;margin-right : 3.84%;padding-bottom : 0px !important;padding-left : 0px !important;margin-left : 5.76%;}@media only screen and (max-width:1024px) {.fusion-body .fusion-builder-column-0{width:100% !important;}.fusion-builder-column-0 > .fusion-column-wrapper {margin-right : 1.92%;margin-left : 1.92%;}}@media only screen and (max-width:640px) {.fusion-body .fusion-builder-column-0{width:100% !important;}.fusion-builder-column-0 > .fusion-column-wrapper {margin-right : 1.92%;margin-left : 1.92%;}}</style></div><div class="fusion-layout-column fusion_builder_column fusion-builder-column-1 fusion_builder_column_2_3 2_3 fusion-flex-column"><div class="fusion-column-wrapper fusion-flex-justify-content-flex-start fusion-content-layout-column" style="background-position:left top;background-repeat:no-repeat;-webkit-background-size:cover;-moz-background-size:cover;-o-background-size:cover;background-size:cover;padding: 0px 0px 0px 0px;"><div class="fusion-text fusion-text-2"><h4>PRÉSENTATION DE L&rsquo;ARTISTE</h4>
<p style="text-align: justify;"><img decoding="async" class="alignright size-full wp-image-2502" src="http://artzoomconnection.com/jeanpotvin/wp-content/uploads/jeanpotvin.jpg" alt="Jean Potvin" width="150" height="150" srcset="https://artzoomconnection.com/jeanpotvin/wp-content/uploads/jeanpotvin-60x60.jpg 60w, https://artzoomconnection.com/jeanpotvin/wp-content/uploads/jeanpotvin.jpg 150w" sizes="(max-width: 150px) 100vw, 150px" />Originaire de la ville de Québec, Jean Potvin est né en 1947. Il a longtemps mené une double carrière avant de devenir artiste à plein temps en 2002. Il a débuté la peinture en 1972. Il s&rsquo;est fait connaître notamment par ses huiles, ses acryliques et par ses oeuvres réalisées en techniques mixtes.</p>
<p style="text-align: justify;">Très actif dans le monde l&rsquo;art, Jean Potvin est membre de la <em>Société Artistique de Charlesbourg</em> (SAC) de 1981 à 2003. Il est aussi fondateur et vice-président de la <em>Société Artistique et Culturelle de Québec</em> (SACQ) de 1993 à 1998. De 1997 à 2000, il devient administrateur au <em>Club culturel Québec Métropolitain</em> (CCQM). De 2001 à 2003, il est membre du comité de <em>l&rsquo;Exposium des Arts</em> de la <em>Société Artistique de Charlesbourg</em> (SAC). De 2003 à 2006, il est membre de l&rsquo;<em>Association des Créateurs et Artisans de Sillery</em> (ACAS). Il poursuit sa carrière, en 2004 et en 2005, en tant que professeur de peinture et médiums mixtes au Centre des Loisirs St-Sacrement à Québec, puis en 2008-2009, il devient membre du <em>Mouvement d&rsquo;Animation Artistique de Cap-Rouge</em> (MAA). En 2007, 2008 et 2009, il est président de la <em>Société artistique et culturelle de Québec</em> (SACQ). En 2007, 2008 et 2009, ses oeuvres sont sélectionnées par un jury pour faire partie des <em>Prix en Arts</em> et sont acquises par la <em>Société du Patrimoine de Saint-Anselme</em>. De 2009 à 2011, il est à nouveau professeur de peinture et médiums mixtes mais, au Carrefour du plateau à Québec, cette fois-ci. Finalement, il est président des <em>Ateliers Ouverts</em> de 2010 à 2013. Depuis 2020, l&rsquo;une de ses oeuvres fait partie de la collection permanente de la Maison Louis Fréchette. L&rsquo;arrondissement Beauport possède également  deux de ses oeuvres dans leur collection permanente.</p>
<p style="text-align: justify;">Jean Potvin est aujourd&rsquo;hui membre actif de la <em>Federation of Canadian Artists</em> à Vancouver (FCA), membre à vie de la <em>Société Artistique et Culturelle de Québec</em> (SACQ) et membre professionnel du <em>Collectif International d&rsquo;Artistes ArtZoom</em> (CIAAZ).</p>
<p style="text-align: justify;">Pour l&rsquo;artiste, l&rsquo;oeuvre satisfait généralement un besoin fondamental et impératif: celui de communiquer, en tout premier lieu. Les gens, les lieux, les objets, les croyances ou les pensées qui meublent le quotidien de l&rsquo;artiste révèlent un instant particulier, marqués du sceau de l&rsquo;art. Jean Potvin travaille en espérant que le public partage l&rsquo;un de ses moments précieux où une émotion a fait naître une oeuvre. L&rsquo;artiste essaie de guider le spectateur dans sa recherche de « l&rsquo;autre côté de l&rsquo;image » qu&rsquo;il voit. Cet « autre côté de l&rsquo;image » doit être autre chose qu&rsquo;une couleur, qu&rsquo;un personnage ou qu&rsquo;un objet simplement représenté. L&rsquo;art doit être un tout qui raconte une histoire que chacun peut s&rsquo;approprier.</p>
<p style="text-align: justify;">Jean Potvin est un artiste incontournable et est considéré par certains comme un pionnier dans le développement de l&rsquo;art au Québec. En 2020, il fait partie des quinze artistes professionnels qui participent à une étude sociologique ayant trait aux effets de la pandémie au niveau de la pratique artistique chez les artistes en arts visuels. Le dossier thématique spécial a été publié exclusivement sur HEART, magazine des arts, en deux volets, à l’été et à l’automne 2020.</p>
</div></div><style type="text/css">.fusion-body .fusion-builder-column-1{width:66.666666666667% !important;margin-top : 0px;margin-bottom : 0px;}.fusion-builder-column-1 > .fusion-column-wrapper {padding-top : 0px !important;padding-right : 0px !important;margin-right : 2.88%;padding-bottom : 0px !important;padding-left : 0px !important;margin-left : 3.84%;}@media only screen and (max-width:1024px) {.fusion-body .fusion-builder-column-1{width:100% !important;}.fusion-builder-column-1 > .fusion-column-wrapper {margin-right : 1.92%;margin-left : 1.92%;}}@media only screen and (max-width:640px) {.fusion-body .fusion-builder-column-1{width:100% !important;}.fusion-builder-column-1 > .fusion-column-wrapper {margin-right : 1.92%;margin-left : 1.92%;}}</style></div></div><style type="text/css">.fusion-body .fusion-flex-container.fusion-builder-row-1{ padding-top : 0px;margin-top : 0px;padding-right : 0px;padding-bottom : 0px;margin-bottom : 0px;padding-left : 0px;}</style></div>
