
{"id":37,"date":"2009-11-16T23:48:26","date_gmt":"2009-11-17T04:48:26","guid":{"rendered":"http:\/\/www.artzoom.org\/members\/wordpress\/?page_id=37"},"modified":"2024-12-15T18:52:55","modified_gmt":"2024-12-15T17:52:55","slug":"cote","status":"publish","type":"page","link":"https:\/\/artzoomconnection.com\/jeanpotvin\/cote\/","title":{"rendered":"COTE"},"content":{"rendered":"<div class=\"fusion-fullwidth fullwidth-box fusion-builder-row-1 fusion-flex-container nonhundred-percent-fullwidth non-hundred-percent-height-scrolling\" style=\"background-color: rgba(255,255,255,0);background-position: center center;background-repeat: no-repeat;border-width: 0px 0px 0px 0px;border-color:#eae9e9;border-style:solid;\" ><div class=\"fusion-builder-row fusion-row fusion-flex-align-items-flex-start\" style=\"max-width:1144px;margin-left: calc(-4% \/ 2 );margin-right: calc(-4% \/ 2 );\"><div class=\"fusion-layout-column fusion_builder_column fusion-builder-column-0 fusion_builder_column_1_2 1_2 fusion-flex-column\"><div class=\"fusion-column-wrapper fusion-flex-justify-content-flex-start fusion-content-layout-column\" style=\"background-position:left top;background-repeat:no-repeat;-webkit-background-size:cover;-moz-background-size:cover;-o-background-size:cover;background-size:cover;padding: 0px 0px 0px 0px;\"><div class=\"fusion-text fusion-text-1\"><p><img decoding=\"async\" class=\"aligncenter size-full wp-image-2581\" src=\"http:\/\/artzoomconnection.com\/jeanpotvin\/wp-content\/uploads\/artiste_expertise.png\" alt=\"\" width=\"177\" height=\"177\" srcset=\"https:\/\/artzoomconnection.com\/jeanpotvin\/wp-content\/uploads\/artiste_expertise-60x60.png 60w, https:\/\/artzoomconnection.com\/jeanpotvin\/wp-content\/uploads\/artiste_expertise-150x150.png 150w, https:\/\/artzoomconnection.com\/jeanpotvin\/wp-content\/uploads\/artiste_expertise.png 177w\" sizes=\"(max-width: 177px) 100vw, 177px\" \/><\/p>\n<h4>SA VALEUR SUR LE MARCH\u00c9 DE L&rsquo;ART<\/h4>\n<h5>2025<\/h5>\n<p><strong>Oeuvres de formats standards<\/strong><\/p>\n<p>Prix plancher = 350 $ (ou l&rsquo;\u00e9quivalent en euro)<br \/>\n8 x 10 pouces (20 x 25 cm) = 350 $ (ou l&rsquo;\u00e9quivalent en euro)<br \/>\n10 x 12 pouces (25 x 30 cm) = 350 $ (ou l&rsquo;\u00e9quivalent en euro)<br \/>\n11 x 14 pouces (27,5 x 35 cm) = 350 $ (ou l&rsquo;\u00e9quivalent en euro)<br \/>\n16 x 20 pouces (40 x 50 cm) = 720 $ (ou l&rsquo;\u00e9quivalent en euro)<br \/>\n12 x 36 pouces (30 x 90 cm) = 972 $ (ou l&rsquo;\u00e9quivalent en euro)<br \/>\n16 x 24 pouces (40 x 60 cm) = 864 $ (ou l&rsquo;\u00e9quivalent en euro)<br \/>\n24 x 36 pouces (60 x 90 cm) = 1944 $ (ou l&rsquo;\u00e9quivalent en euro)<br \/>\n30 x 30 pouces (75 x 75 cm) = 2025 $ (ou l&rsquo;\u00e9quivalent en euro)<br \/>\n24 x 48 pouces (60 x 120 cm) = 2592 $ (ou l&rsquo;\u00e9quivalent en euro)<\/p>\n<\/div><\/div><style type=\"text\/css\">.fusion-body .fusion-builder-column-0{width:50% !important;margin-top : 0px;margin-bottom : 0px;}.fusion-builder-column-0 > .fusion-column-wrapper {padding-top : 0px !important;padding-right : 0px !important;margin-right : 3.84%;padding-bottom : 0px !important;padding-left : 0px !important;margin-left : 3.84%;}@media only screen and (max-width:1024px) {.fusion-body .fusion-builder-column-0{width:100% !important;}.fusion-builder-column-0 > .fusion-column-wrapper {margin-right : 1.92%;margin-left : 1.92%;}}@media only screen and (max-width:640px) {.fusion-body .fusion-builder-column-0{width:100% !important;}.fusion-builder-column-0 > .fusion-column-wrapper {margin-right : 1.92%;margin-left : 1.92%;}}<\/style><\/div><div class=\"fusion-layout-column fusion_builder_column fusion-builder-column-1 fusion_builder_column_1_2 1_2 fusion-flex-column\"><div class=\"fusion-column-wrapper fusion-flex-justify-content-flex-start fusion-content-layout-column\" style=\"background-position:left top;background-repeat:no-repeat;-webkit-background-size:cover;-moz-background-size:cover;-o-background-size:cover;background-size:cover;padding: 0px 0px 0px 0px;\"><div class=\"fusion-text fusion-text-2\"><h4>GUIDES DE COTATION<\/h4>\n<p>&#8211; Expertise professionnelle par une experte en art, 2017<br \/>\n&#8211; Etc.<\/p>\n<h4>AFFILIATIONS PROFESSIONNELLES<\/h4>\n<p>Membre de la Soci\u00e9t\u00e9 de Mise en Valeur de la Maison O\u2019Neill, 2021<br \/>\nCollectif International d&rsquo;Artistes ArtZoom (CIAAZ), depuis 2016<br \/>\nMembre actif de la Federation of Canadian Artist de Vancouver (FCA)<br \/>\nMembre \u00e0 vie de la Soci\u00e9t\u00e9 Artistique et Culturelle de Qu\u00e9bec (SACQ)<\/p>\n<h4>COLLECTIONS MUS\u00c9ALES<\/h4>\n<p><strong>Mus\u00e9e d&rsquo;art contemporain VR 3D &#8211; MAC VR3D<\/strong><br \/>\nPlace Darche<br \/>\n54400 Longwy<br \/>\nFrance<br \/>\n<a href=\"http:\/\/www.macvr3d.com\" target=\"_blank\" rel=\"noopener\">www.macvr3d.com<\/a><\/p>\n<h4>PRIX ET DISTINCTIONS<\/h4>\n<p><strong>2022:<\/strong> Certificat de participation, Maison O\u2019Neill (Canada) pour avoir particip\u00e9 \u00e0 l\u2019exposition \u00ab\u00a0Le Pouvoir des Couleurs\u00a0\u00bb qui souligne les 25 ans du CIAAZ.<br \/>\n<strong>2022:<\/strong> Certificat de reconnaissance, Mus\u00e9e d\u2019art contemporain VR3D (MACVR3D), Longwy (France) pour avoir particip\u00e9 \u00e0 l\u2019exposition \u00ab\u00a0Jardin de Joie \/ Garden of Joy\u00a0\u00bb<br \/>\n<strong>2019:<\/strong> Certificat de reconnaissance, Mus\u00e9e d&rsquo;art contemporain VR3D (MACVR3D), Longwy (France) pour avoir particip\u00e9 \u00e0 l&rsquo;exposition \u00ab\u00a0Ames d&rsquo;artistes \/ Artists&rsquo; Souls\u00a0\u00bb<br \/>\n<strong>2017:<\/strong> Prix du M\u00e9rite artistique<br \/>\n<strong>2017:<\/strong> <a href=\"http:\/\/artzoomconnection.com\/jeanpotvin\/wp-content\/uploads\/certificatfederal.jpg\" target=\"_blank\" rel=\"noopener noreferrer\">Certificat de la Chambre des Communes d\u00e9cern\u00e9 par le d\u00e9put\u00e9 f\u00e9d\u00e9ral de Beauport-Limoilou<\/a><br \/>\n<strong>2017: <\/strong>Deux oeuvres font partie de la Collection d&rsquo;oeuvres d&rsquo;art de la Soci\u00e9t\u00e9 d&rsquo;art et d&rsquo;histoire de Beauport.<br \/>\n<strong>2007-2008-2009:<\/strong> Oeuvres s\u00e9lectionn\u00e9es par un jury pour faire partie des PRIX EN ARTS et ont \u00e9t\u00e9 acquises par La Soci\u00e9t\u00e9 du Patrimoine de Saint-Anselme<\/p>\n<\/div><\/div><style type=\"text\/css\">.fusion-body .fusion-builder-column-1{width:50% !important;margin-top : 0px;margin-bottom : 0px;}.fusion-builder-column-1 > .fusion-column-wrapper {padding-top : 0px !important;padding-right : 0px !important;margin-right : 3.84%;padding-bottom : 0px !important;padding-left : 0px !important;margin-left : 3.84%;}@media only screen and (max-width:1024px) {.fusion-body .fusion-builder-column-1{width:100% !important;}.fusion-builder-column-1 > .fusion-column-wrapper {margin-right : 1.92%;margin-left : 1.92%;}}@media only screen and (max-width:640px) {.fusion-body .fusion-builder-column-1{width:100% !important;}.fusion-builder-column-1 > .fusion-column-wrapper {margin-right : 1.92%;margin-left : 1.92%;}}<\/style><\/div><\/div><style type=\"text\/css\">.fusion-body .fusion-flex-container.fusion-builder-row-1{ padding-top : 0px;margin-top : 0px;padding-right : 0px;padding-bottom : 0px;margin-bottom : 0px;padding-left : 0px;}<\/style><\/div>\n","protected":false},"excerpt":{"rendered":"","protected":false},"author":1,"featured_media":0,"parent":0,"menu_order":0,"comment_status":"closed","ping_status":"closed","template":"","meta":[],"_links":{"self":[{"href":"https:\/\/artzoomconnection.com\/jeanpotvin\/wp-json\/wp\/v2\/pages\/37"}],"collection":[{"href":"https:\/\/artzoomconnection.com\/jeanpotvin\/wp-json\/wp\/v2\/pages"}],"about":[{"href":"https:\/\/artzoomconnection.com\/jeanpotvin\/wp-json\/wp\/v2\/types\/page"}],"author":[{"embeddable":true,"href":"https:\/\/artzoomconnection.com\/jeanpotvin\/wp-json\/wp\/v2\/users\/1"}],"replies":[{"embeddable":true,"href":"https:\/\/artzoomconnection.com\/jeanpotvin\/wp-json\/wp\/v2\/comments?post=37"}],"version-history":[{"count":47,"href":"https:\/\/artzoomconnection.com\/jeanpotvin\/wp-json\/wp\/v2\/pages\/37\/revisions"}],"predecessor-version":[{"id":5261,"href":"https:\/\/artzoomconnection.com\/jeanpotvin\/wp-json\/wp\/v2\/pages\/37\/revisions\/5261"}],"wp:attachment":[{"href":"https:\/\/artzoomconnection.com\/jeanpotvin\/wp-json\/wp\/v2\/media?parent=37"}],"curies":[{"name":"wp","href":"https:\/\/api.w.org\/{rel}","templated":true}]}}