{"id":1627,"date":"2012-11-10T15:32:07","date_gmt":"2012-11-10T14:32:07","guid":{"rendered":"http:\/\/www.artzoomconnection.com\/lo\/?page_id=1627"},"modified":"2020-08-16T18:20:26","modified_gmt":"2020-08-16T17:20:26","slug":"demarche","status":"publish","type":"page","link":"https:\/\/artzoomconnection.com\/mfsztuka\/presentation\/demarche\/","title":{"rendered":"D\u00c9MARCHE"},"content":{"rendered":"<div class=\"one_fifth\">\n<h4>TECHNIQUE<\/h4>\n<p>Huile, acrylique, pastel, etc.<\/p>\n<p style=\"text-align: justify;\"><\/div>\n<div class=\"four_fifth last\">\n<h3>SON APPROCHE ARTISTIQUE<\/h3>\n<p style=\"text-align: justiy;\">Ses principales influences artistiques lui viennent de Nicolas de Sta\u00ebl, Serge Poliakoff et le mouvement allemand Der Blaue Reiter. Depuis toujours, elle est fascin\u00e9e par le Fauvisme ainsi que par l\u2019expressionnisme allemand. L\u2019artiste aime la couleur pure, sauf exception faite, le noir, qu\u2019elle va cr\u00e9er \u00e0 partir d\u2019autres couleurs.<\/p>\n<p style=\"text-align: justiy;\">Son \u00e9volution d\u2019un m\u00e9dium \u00e0 l\u2019autre s\u2019est effectu\u00e9e selon la situation du moment. En atelier, elle utilise l\u2019huile et l\u2019acrylique, lors de ses voyages, elle utilise plut\u00f4t des carnets de croquis qu\u2019elle remplit aux feutres (marqueurs) et aux crayons aquarellables. Pour les oeuvres effectu\u00e9es sur le motif, elle utilise le pastel sec.<\/p>\n<blockquote><p>\u00ab J\u2019ai maintenant la chance d\u2019habiter dans le Sud de la France o\u00f9 il y a une belle lumi\u00e8re qui a d\u2019ailleurs aussi s\u00e9duit de nombreux peintres \u00bb.<\/p><\/blockquote>\n<p style=\"text-align: justiy;\">En ext\u00e9rieur pour elle, tout peut \u00eatre sujet \u00e0 un tableau. Si l\u2019artiste change souvent de technique, c\u2019est avec le d\u00e9sir d\u2019\u00e9voluer dans sa pratique artistique. Elle utilise aussi les papiers coll\u00e9s, le pouring et n\u2019h\u00e9site pas \u00e0 m\u00e9langer les m\u00e9diums pour trouver de meilleurs effets.<\/p>\n<p style=\"text-align: justiy;\">Remplir ses carnets de voyage est un plaisir personnel, quasi intime. Gr\u00e2ce \u00e0 eux, elle revit ses rencontres inoubliables. N\u00e9pal, Sultanat d\u2019Oman, \u00c9quateur, Colombie, \u00c9tats-Unis, etc. peu importe le pays ou le continent, se poser quelque part pour quelques instants permet de faire plus facilement des rencontres.<\/p>\n<blockquote><p>\u00ab Je n\u2019ai aucune vision de mes cr\u00e9ations. Elles me font r\u00eaver. Si, au hasard de mes expositions, elles font r\u00eaver les personnes que je rencontre, cela me r\u00e9jouit de leur apporter un peu de soleil dans un ciel souvent gris \u00bb.<\/p><\/blockquote>\n<p style=\"text-align: justiy;\">Sa production annuelle varie et est difficile \u00e0 estimer. Cela d\u00e9pend en partie de sa motivation telle qu\u2019une exposition pr\u00e9vue pour l\u2019ann\u00e9e suivante. En g\u00e9n\u00e9ral, plusieurs toiles sont commenc\u00e9es et s\u2019ach\u00e8vent au rythme de la vie. Le pastel r\u00e9alis\u00e9 sur le motif est, quant \u00e0 lui, souvent termin\u00e9 en une seule journ\u00e9e.<\/p>\n<p style=\"text-align: justiy;\">Il n\u2019y a donc pas de p\u00e9riode plus productive qu\u2019une autre pendant l\u2019ann\u00e9e. Elle peint en atelier et en ext\u00e9rieur, selon la saison. Ses formats de pr\u00e9dilection sont les 73 x 100 cm (en format paysage). Bien que l\u2019artiste se limite, pour des raisons pratiques li\u00e9es au transport, elle aime les grands formats.<\/p>\n<p style=\"text-align: justiy;\">C\u2019est ainsi qu\u2019un petit coin de la maison transform\u00e9 en atelier ou le grand air est son lieu de travail. C\u2019est l\u00e0 que ses outils prennent vie et o\u00f9 ses r\u00eaves se mat\u00e9rialisent \u00e0 travers la cr\u00e9ation sous la lumi\u00e8re exceptionnelle de la r\u00e9gion Provence-Alpes-C\u00f4te d\u2019Azur.<\/p>\n<\/div>\n<div class=\"clearBoth\"><\/div>\n<\/p>\n<div class=\"divider_line\"><\/div>\n<div class=\"two_fifth\"><\/div>\n<div class=\"divider top\"><a href=\"#wrapper\" title=\"Back To Top\" rel=\"nofollow\">Top<\/a><\/div>\n","protected":false},"excerpt":{"rendered":"","protected":false},"author":1,"featured_media":2361,"parent":1623,"menu_order":2,"comment_status":"closed","ping_status":"closed","template":"template_fullwidth.php","meta":[],"_links":{"self":[{"href":"https:\/\/artzoomconnection.com\/mfsztuka\/wp-json\/wp\/v2\/pages\/1627"}],"collection":[{"href":"https:\/\/artzoomconnection.com\/mfsztuka\/wp-json\/wp\/v2\/pages"}],"about":[{"href":"https:\/\/artzoomconnection.com\/mfsztuka\/wp-json\/wp\/v2\/types\/page"}],"author":[{"embeddable":true,"href":"https:\/\/artzoomconnection.com\/mfsztuka\/wp-json\/wp\/v2\/users\/1"}],"replies":[{"embeddable":true,"href":"https:\/\/artzoomconnection.com\/mfsztuka\/wp-json\/wp\/v2\/comments?post=1627"}],"version-history":[{"count":17,"href":"https:\/\/artzoomconnection.com\/mfsztuka\/wp-json\/wp\/v2\/pages\/1627\/revisions"}],"predecessor-version":[{"id":2578,"href":"https:\/\/artzoomconnection.com\/mfsztuka\/wp-json\/wp\/v2\/pages\/1627\/revisions\/2578"}],"up":[{"embeddable":true,"href":"https:\/\/artzoomconnection.com\/mfsztuka\/wp-json\/wp\/v2\/pages\/1623"}],"wp:featuredmedia":[{"embeddable":true,"href":"https:\/\/artzoomconnection.com\/mfsztuka\/wp-json\/wp\/v2\/media\/2361"}],"wp:attachment":[{"href":"https:\/\/artzoomconnection.com\/mfsztuka\/wp-json\/wp\/v2\/media?parent=1627"}],"curies":[{"name":"wp","href":"https:\/\/api.w.org\/{rel}","templated":true}]}}