{"id":1642,"date":"2009-11-16T23:34:34","date_gmt":"2009-11-17T04:34:34","guid":{"rendered":"http:\/\/www.artzoom.org\/members\/wordpress\/?page_id=27"},"modified":"2020-08-14T18:29:08","modified_gmt":"2020-08-14T17:29:08","slug":"critique","status":"publish","type":"page","link":"https:\/\/artzoomconnection.com\/mfsztuka\/presse\/critique\/","title":{"rendered":"CRITIQUES"},"content":{"rendered":"<h4>\u00c9CRITES SUR L&rsquo;ARTISTE<\/h4>\n<blockquote>\n<h5>ArtZoom Connection 2012<\/h5>\n<p><cite>Critique d&rsquo;art<\/cite><br \/>\nLa maturit\u00e9 artistique de Marie-Fran\u00e7oise SZTUKA la rend extr\u00eamement int\u00e9ressante pour les collectionneurs europ\u00e9ens. Pass\u00e9e du cubisme au fauvisme, ses oeuvres sont maintenant th\u00e9matiques, orient\u00e9es vers des effets de mati\u00e8re au couteau. Elle rend myst\u00e9rieux le paysage et transforme le r\u00e9el en couleurs franches.\n<\/p><\/blockquote>\n<blockquote>\n<h5>Catalogue 2009<\/h5>\n<p><cite>Critique d&rsquo;art<\/cite><br \/>\nMarie-Fran\u00e7oise SZTUKA est une artiste qui a un bagage professionnel pertinent derri\u00e8re elle. C\u2019est une valeur \u00e9tablie dans la r\u00e9gion des trois fronti\u00e8res (France, Belgique, Luxembourg). Apr\u00e8s avoir expos\u00e9 en France, en Belgique et au Luxembourg, l\u2019artiste s\u2019attaque maintenant au Canada. Elle a toutefois une maturit\u00e9 artistique qui la rend extr\u00eamement int\u00e9ressante pour tous les collectionneurs et qui permet de penser qu\u2019elle prendra la place qui lui est due sur ce deuxi\u00e8me continent d\u2019exposition. Excellent choix d\u2019investissement. Oeuvres tr\u00e8s limit\u00e9es au Canada.<\/p>\n<p>Extrait du Catalogue d\u2019exposition de La Grande Exposition Internationale d\u2019Art Zoom, \u00e9dition 2009 &#8211; ISBN 978-2-923622-02-6<br \/>\nHeleneCaroline Fournier &#8211; Commissaire d&rsquo;exposition, Art Total Multim\u00e9dia, agence d&rsquo;artistes<\/p>\n<p><a title=\"document pdf\" href=\"http:\/\/www.artzoom.org\/helenecaroline\/monsite\/wp-content\/photos\/grandeexpo2009\/catalogue2009.pdf\" target=\"_blank\">Lire le catalogue en format pdf<\/a>\n<\/p><\/blockquote>\n<blockquote>\n<h5>Claudine Philippe<\/h5>\n<p><cite>Critique d&rsquo;art<\/cite><\/p>\n<p style=\"text-align: justify;\">\u00ab\u00a0<i>Se r\u00e9alisant dans le temps, \u00e9tape apr\u00e8s \u00e9tape, d\u00e9clic apr\u00e8s d\u00e9clic, ma\u00eetrisant \u00e0 chaque fois une technique ou un domaine diff\u00e9rent, Marie Fran\u00e7oise Sztuka est certes luministe, mais avant tout coloriste. Luminosit\u00e9 dans ses paysages ou lumi\u00e8re dans ses portraits, cette artiste sait jouer naturellement de l&rsquo;opposition des couleurs en utilisant d&rsquo;instinct l&rsquo;ocre, le jaune et le bleu, r\u00e9unissant \u00e0 atteindre l&rsquo;harmonie pour nous faire d\u00e9couvrir la beaut\u00e9. Au fil de ses oeuvres, Marie Fran\u00e7oise Sztuka rend noble ce qui est ordinaire, met du myst\u00e8re dans le quotidien, transforme le provisoire en \u00e9ternel, tout simplement, sans soucis de philosophie<\/i>\u00a0\u00bb <\/p><\/blockquote>\n","protected":false},"excerpt":{"rendered":"<p>\u00c9CRITES SUR L&rsquo;ARTISTE<\/p>\n","protected":false},"author":1,"featured_media":2363,"parent":1687,"menu_order":2,"comment_status":"open","ping_status":"open","template":"template_fullwidth.php","meta":[],"_links":{"self":[{"href":"https:\/\/artzoomconnection.com\/mfsztuka\/wp-json\/wp\/v2\/pages\/1642"}],"collection":[{"href":"https:\/\/artzoomconnection.com\/mfsztuka\/wp-json\/wp\/v2\/pages"}],"about":[{"href":"https:\/\/artzoomconnection.com\/mfsztuka\/wp-json\/wp\/v2\/types\/page"}],"author":[{"embeddable":true,"href":"https:\/\/artzoomconnection.com\/mfsztuka\/wp-json\/wp\/v2\/users\/1"}],"replies":[{"embeddable":true,"href":"https:\/\/artzoomconnection.com\/mfsztuka\/wp-json\/wp\/v2\/comments?post=1642"}],"version-history":[{"count":10,"href":"https:\/\/artzoomconnection.com\/mfsztuka\/wp-json\/wp\/v2\/pages\/1642\/revisions"}],"predecessor-version":[{"id":2575,"href":"https:\/\/artzoomconnection.com\/mfsztuka\/wp-json\/wp\/v2\/pages\/1642\/revisions\/2575"}],"up":[{"embeddable":true,"href":"https:\/\/artzoomconnection.com\/mfsztuka\/wp-json\/wp\/v2\/pages\/1687"}],"wp:featuredmedia":[{"embeddable":true,"href":"https:\/\/artzoomconnection.com\/mfsztuka\/wp-json\/wp\/v2\/media\/2363"}],"wp:attachment":[{"href":"https:\/\/artzoomconnection.com\/mfsztuka\/wp-json\/wp\/v2\/media?parent=1642"}],"curies":[{"name":"wp","href":"https:\/\/api.w.org\/{rel}","templated":true}]}}