{"id":1643,"date":"2009-11-16T23:44:16","date_gmt":"2009-11-17T04:44:16","guid":{"rendered":"http:\/\/www.artzoom.org\/members\/wordpress\/?page_id=31"},"modified":"2017-07-15T03:30:33","modified_gmt":"2017-07-15T02:30:33","slug":"entrevue","status":"publish","type":"page","link":"https:\/\/artzoomconnection.com\/mfsztuka\/presse\/entrevue\/","title":{"rendered":"ENTREVUE"},"content":{"rendered":"<div class=\"one_half\">\n<p style=\"text-align: justify;\">Entrevue r\u00e9alis\u00e9e par <a href=\"http:\/\/www.helenecaroline.com\" target=\"_blank\">HeleneCaroline Fournier<\/a>, experte en art et th\u00e9oricienne de l\u2019art, pour le compte du <a href=\"http:\/\/www.artzoom.org\" target=\"_blank\">CIAAZ<\/a>, avec Marie-Fran\u00e7oise Sztuka, artiste de Vence (France), ce 14 juillet 2017.<\/p>\n<p>&nbsp;<\/p>\n<p><img loading=\"lazy\" class=\"aligncenter wp-image-2422\" src=\"http:\/\/artzoomconnection.com\/mfsztuka\/wp-content\/uploads\/09-33p-1024x869.jpg\" alt=\"09-33p\" width=\"450\" height=\"382\" srcset=\"https:\/\/artzoomconnection.com\/mfsztuka\/wp-content\/uploads\/09-33p-1024x869.jpg 1024w, https:\/\/artzoomconnection.com\/mfsztuka\/wp-content\/uploads\/09-33p-300x255.jpg 300w, https:\/\/artzoomconnection.com\/mfsztuka\/wp-content\/uploads\/09-33p-150x127.jpg 150w, https:\/\/artzoomconnection.com\/mfsztuka\/wp-content\/uploads\/09-33p.jpg 1200w\" sizes=\"(max-width: 450px) 100vw, 450px\" \/><\/p>\n<p><img loading=\"lazy\" class=\"aligncenter wp-image-2392\" src=\"http:\/\/artzoomconnection.com\/mfsztuka\/wp-content\/uploads\/Pont-de-Londresp-1024x852.jpg\" alt=\"Pont de Londresp\" width=\"450\" height=\"374\" srcset=\"https:\/\/artzoomconnection.com\/mfsztuka\/wp-content\/uploads\/Pont-de-Londresp-1024x852.jpg 1024w, https:\/\/artzoomconnection.com\/mfsztuka\/wp-content\/uploads\/Pont-de-Londresp-300x250.jpg 300w, https:\/\/artzoomconnection.com\/mfsztuka\/wp-content\/uploads\/Pont-de-Londresp-150x125.jpg 150w, https:\/\/artzoomconnection.com\/mfsztuka\/wp-content\/uploads\/Pont-de-Londresp.jpg 1200w\" sizes=\"(max-width: 450px) 100vw, 450px\" \/><\/div>\n<div class=\"one_half last\">\n<h3>ENTREVUE AVEC MARIE-FRAN\u00c7OISE SZTUKA<\/h3>\n<p style=\"text-align: justify;\"><span style=\"color: #993300;\"><strong>ArtZoom : <\/strong>Est-ce que vous pensez que l\u2019art visuel est en perp\u00e9tuelle \u00e9volution? Avec votre exp\u00e9rience, avec ce que vous avez vu, v\u00e9cu et\/ou entendu, en tant qu\u2019artiste, pensez-vous que l\u2019art visuel restera \u00abtraditionnel\u00bb ou si vous pensez que l\u2019art visuel penchera de plus en plus avec la technologie? Jusqu\u2019o\u00f9 ira la pr\u00e9sence technologique dans l&rsquo;art? Jusqu\u2019o\u00f9 pourrait-on dire \u00abceci reste de l\u2019art\u00bb? Y aura-t-il un moment o\u00f9 l\u2019art sera d\u00e9natur\u00e9 au profit de la performance informatique, selon vous?<\/span><\/p>\n<p style=\"text-align: justify;\"><strong>Marie-Fran\u00e7oise Sztuka : <\/strong>Oui je pense que l\u2019art visuel est en perp\u00e9tuelle \u00e9volution. Il est difficile de pr\u00e9dire jusqu\u2019o\u00f9 ira l\u2019\u00e9volution technologique. On utilise de plus en plus l\u2019informatique. Mais je pense que cette \u00e9volution sera en dent de scie car certains artistes sont heureux de retrouver leurs crayons et leurs pinceaux. Cette \u00e9volution se fera aussi en fonction de la demande du spectateur. Il est difficile de dire \u00ab ceci reste de l\u2019art \u00bb car il y a parfois chez l\u2019artiste un besoin de provocation.<\/p>\n<p style=\"text-align: justify;\"><span style=\"color: #993300;\"><strong>ArtZoom : <\/strong>On dit souvent que les artistes sont des \u00eatres solitaires, qu\u2019ils sont \u00abseuls\u00bb, que ce sont des individus \u00abdiff\u00e9rents des autres\u00bb, \u00eates-vous de cet avis? Vous sentez-vous seul(e)? \u00cates-vous fondamentalement solitaire? Ou avez-vous besoin de vous entourer de gens pour cr\u00e9er?<\/span><\/p>\n<p style=\"text-align: justify;\"><strong>Marie-Fran\u00e7oise Sztuka : <\/strong>Je ne suis pas du tout solitaire. J\u2019ai un besoin de contact avec les autres. Mes nombreux voyages m\u2019ont permis des rencontres extraordinaires alors que je faisais quelques croquis. J\u2019ai toujours avec moi un sac (format A4 pour les carnets de croquis) et un crayon. Je fais quelques photos mais je me pose aussi dans un petit coin et j\u2019observe le monde qui m\u2019entoure. Certains de mes croquis avec des personnages se retrouvent sur mes toiles que j\u2019appelle \u00ab abstraites \u00bb. J\u2019aime aussi \u00eatre seule dans mon atelier, c\u2019est aussi une sorte de \u00ab gestation \u00bb.<\/p>\n<p style=\"text-align: justify;\"><span style=\"color: #993300;\"><strong>ArtZoom : <\/strong>Quelle est votre source d\u2019inspiration? Et que faites-vous pour conserver votre motivation \u00e0 cr\u00e9er?<\/span><\/p>\n<p style=\"text-align: justify;\"><strong>Marie-Fran\u00e7oise Sztuka : <\/strong>Tout est pour moi source d\u2019inspiration, des personnages, un coin de ciel avec nuages ou un reflet dans l\u2019eau. J\u2019aime la couleur.<\/p>\n<p style=\"text-align: justify;\"><span style=\"color: #993300;\"><strong>ArtZoom : <\/strong>Est-ce que votre famille a \u00e9t\u00e9 solidaire de votre d\u00e9cision de \u00ab devenir \u00bb artiste ou si elle vous a d\u00e9courag\u00e9 en disant que c\u2019\u00e9tait difficile d\u2019en vivre? Comment s\u2019est fait cette d\u00e9cision de devenir artiste professionnel(le)? Quelle a \u00e9t\u00e9 la r\u00e9action de votre famille \u00e0 l&rsquo;\u00e9poque? Quelle est la r\u00e9action de votre famille aujourd&rsquo;hui?<\/span><\/p>\n<p style=\"text-align: justify;\"><strong>Marie-Fran\u00e7oise Sztuka : <\/strong>J\u2019ai un parcours atypique. J\u2019ai \u00e9t\u00e9 m\u00e9decin pendant plus de 30 ans et cela a \u00e9t\u00e9 mon d\u00e9sir le plus cher. Mais j\u2019ai toujours pratiqu\u00e9 le dessin, la peinture (prix de peinture de revue La Semaine de Suzette \u00e0 11 ans). La vie professionnelle tr\u00e8s active a mis en veilleuse le d\u00e9sir de peindre. Puis souhaitant un peu \u00ab lever le pied \u00bb en fin de carri\u00e8re, je me suis remise \u00e0 la peinture gr\u00e2ce \u00e0 la rencontre avec certains artistes : Brett Rhodes-Neal \u00e0 Vence et Rogine Dor\u00e9 \u00e0 Durtal. \u00c9tant retrait\u00e9e j\u2019ai la joie de pratiquer \u00e0 temps plein la peinture. J\u2019ai de nombreuses opportunit\u00e9s d\u2019expositions personnelles ou avec des groupes. Je suis tr\u00e8s soutenue par mon entourage.<\/p>\n<p style=\"text-align: justify;\"><span style=\"color: #993300;\"><strong>ArtZoom : <\/strong>A quel moment vous \u00eates-vous int\u00e9ress\u00e9(e) \u00e0 l\u2019art? Lorsque vous \u00e9tiez enfant ou une fois adulte?<\/span><\/p>\n<p style=\"text-align: justify;\"><strong>Marie-Fran\u00e7oise Sztuka : <\/strong>Au lyc\u00e9e \u00e0 Nancy quand j\u2019avais 11 ans j\u2019ai d\u00e9couvert l\u2019histoire de l\u2019art et le peinture. Mon professeur de dessin \u00e9tait aussi professeur aux eaux Arts de Nancy. C\u2019\u00e9tait une passionn\u00e9e : Jacqueline Gauthier.<\/p>\n<p style=\"text-align: justify;\"><span style=\"color: #993300;\"><strong>ArtZoom : <\/strong>Quels ont \u00e9t\u00e9 les obstacles majeurs que vous avez rencontr\u00e9s au cours de votre carri\u00e8re? Pensez-vous que tous les artistes passent par les m\u00eames obstacles? Ou si vous pensez que chaque artiste a ses \u00ab propres \u00bb obstacles?<\/span><\/p>\n<p style=\"text-align: justify;\"><strong>Marie-Fran\u00e7oise Sztuka : <\/strong>Je n\u2019ai pas rencontr\u00e9 d\u2019obstacles majeurs au cours de ma carri\u00e8re d\u2019artiste. Mais comme je l\u2019ai dit pr\u00e9c\u00e9demment, c\u2019est ma deuxi\u00e8me activit\u00e9, ce qui me donne beaucoup de libert\u00e9.<\/p>\n<p style=\"text-align: justify;\"><span style=\"color: #993300;\"><strong>ArtZoom : <\/strong>Quel est le souvenir le plus heureux de l\u2019une de vos expositions gardez-vous en souvenir? Quel serait le souvenir le plus malheureux?<\/span><\/p>\n<p style=\"text-align: justify;\"><strong>Marie-Fran\u00e7oise Sztuka : <\/strong>Je n\u2019ai aucun souvenir malheureux. Peindre est pour moi une joie permanente. J\u2019ai le souvenir d\u2019une joie intense quand lors d\u2019une derni\u00e8re exposition personnelle \u00e0 Virton, j\u2019ai r\u00e9uni 35 personnes, les adultes descendants d\u2019un anc\u00eatre avocat pratiquant la sculpture sur bois, leurs conjoints ainsi que leurs enfants. Le titre de l\u2019exposition \u00e9tait \u00ab XY &amp; Co \u00bb, un reste de mes souvenirs en g\u00e9n\u00e9tique.<\/p>\n<p style=\"text-align: justify;\"><span style=\"color: #993300;\"><strong>ArtZoom : <\/strong>Qu\u2019est ce qu\u2019il faudrait am\u00e9liorer dans le domaine des arts visuels, au niveau professionnel, selon vous pour am\u00e9liorer la qualit\u00e9 de vie des artistes professionnels? <\/span><\/p>\n<p style=\"text-align: justify;\"><strong>Marie-Fran\u00e7oise Sztuka : <\/strong>Il m\u2019est difficile de donner un avis pour am\u00e9liorer les arts visuels. Il faut un grand soutien m\u00e9diatique et surtout \u00eatre pr\u00e9sent dans de nombreuses expositions.<\/p>\n<p style=\"text-align: justify;\"><span style=\"color: #993300;\"><strong>ArtZoom : <\/strong>Si vous aviez un conseil \u00e0 donner \u00e0 un(e) jeune artiste qui d\u00e9sire se lancer dans le domaine, quel conseil lui donneriez-vous?<\/span><\/p>\n<p style=\"text-align: justify;\"><strong>Marie-Fran\u00e7oise Sztuka : <\/strong>Difficile de donner des conseils du fait de mon parcours atypique qui m\u2019a donn\u00e9 beaucoup de libert\u00e9. Un jeune artiste qui d\u00e9sire se lancer dans ce domaine ne doit pas baisser les bras. Mais il y a parfois des besoins financiers et familiaux qui priment sur le d\u00e9sir d\u2019\u00eatre un artiste.<\/p>\n<p style=\"text-align: justify;\"><span style=\"color: #993300;\"><strong>ArtZoom :<\/strong>Pensez-vous que l&rsquo;artiste contemporain doit obligatoirement exposer dans un autre pays pour obtenir une reconnaissance professionnelle dans son propre pays? L&rsquo;adage \u00ab\u00a0nul n&rsquo;est proph\u00e8te en son pays\u00a0\u00bb est-il vrai, selon vous?<\/span><\/p>\n<p style=\"text-align: justify;\"><strong>Marie-Fran\u00e7oise Sztuka : <\/strong>Je suis tout \u00e0 fait d\u2019accord avec l\u2019adage \u00ab\u00a0nul n&rsquo;est proph\u00e8te en son pays\u00a0\u00bb. Au cours de mes nombreuses expositions en Lorraine, Belgique, Luxembourg et sud de la France, mes r\u00e9f\u00e9rences \u00e0 ArtZoom au Canada ont toujours \u00e9t\u00e9 un plus. Dans le sud de la France j\u2019ai m\u00eame rencontr\u00e9 des Qu\u00e9b\u00e9cois qui connaissaient des artistes d\u2019ArtZoom rencontr\u00e9s lors d\u2019expositions au Canada.<\/p>\n<\/div>\n<div class=\"clearBoth\"><\/div>\n<div class=\"divider top\"><a href=\"#wrapper\" title=\"Back To Top\" rel=\"nofollow\">Top<\/a><\/div>\n","protected":false},"excerpt":{"rendered":"","protected":false},"author":1,"featured_media":2425,"parent":1687,"menu_order":1,"comment_status":"closed","ping_status":"closed","template":"template_fullwidth.php","meta":[],"_links":{"self":[{"href":"https:\/\/artzoomconnection.com\/mfsztuka\/wp-json\/wp\/v2\/pages\/1643"}],"collection":[{"href":"https:\/\/artzoomconnection.com\/mfsztuka\/wp-json\/wp\/v2\/pages"}],"about":[{"href":"https:\/\/artzoomconnection.com\/mfsztuka\/wp-json\/wp\/v2\/types\/page"}],"author":[{"embeddable":true,"href":"https:\/\/artzoomconnection.com\/mfsztuka\/wp-json\/wp\/v2\/users\/1"}],"replies":[{"embeddable":true,"href":"https:\/\/artzoomconnection.com\/mfsztuka\/wp-json\/wp\/v2\/comments?post=1643"}],"version-history":[{"count":20,"href":"https:\/\/artzoomconnection.com\/mfsztuka\/wp-json\/wp\/v2\/pages\/1643\/revisions"}],"predecessor-version":[{"id":2514,"href":"https:\/\/artzoomconnection.com\/mfsztuka\/wp-json\/wp\/v2\/pages\/1643\/revisions\/2514"}],"up":[{"embeddable":true,"href":"https:\/\/artzoomconnection.com\/mfsztuka\/wp-json\/wp\/v2\/pages\/1687"}],"wp:featuredmedia":[{"embeddable":true,"href":"https:\/\/artzoomconnection.com\/mfsztuka\/wp-json\/wp\/v2\/media\/2425"}],"wp:attachment":[{"href":"https:\/\/artzoomconnection.com\/mfsztuka\/wp-json\/wp\/v2\/media?parent=1643"}],"curies":[{"name":"wp","href":"https:\/\/api.w.org\/{rel}","templated":true}]}}

<div class="one_half">
<p style="text-align: justify;">Entrevue réalisée par <a href="http://www.helenecaroline.com" target="_blank">HeleneCaroline Fournier</a>, experte en art et théoricienne de l’art, pour le compte du <a href="http://www.artzoom.org" target="_blank">CIAAZ</a>, avec Marie-Françoise Sztuka, artiste de Vence (France), ce 14 juillet 2017.</p>
<p>&nbsp;</p>
<p><img loading="lazy" class="aligncenter wp-image-2422" src="http://artzoomconnection.com/mfsztuka/wp-content/uploads/09-33p-1024x869.jpg" alt="09-33p" width="450" height="382" srcset="https://artzoomconnection.com/mfsztuka/wp-content/uploads/09-33p-1024x869.jpg 1024w, https://artzoomconnection.com/mfsztuka/wp-content/uploads/09-33p-300x255.jpg 300w, https://artzoomconnection.com/mfsztuka/wp-content/uploads/09-33p-150x127.jpg 150w, https://artzoomconnection.com/mfsztuka/wp-content/uploads/09-33p.jpg 1200w" sizes="(max-width: 450px) 100vw, 450px" /></p>
<p><img loading="lazy" class="aligncenter wp-image-2392" src="http://artzoomconnection.com/mfsztuka/wp-content/uploads/Pont-de-Londresp-1024x852.jpg" alt="Pont de Londresp" width="450" height="374" srcset="https://artzoomconnection.com/mfsztuka/wp-content/uploads/Pont-de-Londresp-1024x852.jpg 1024w, https://artzoomconnection.com/mfsztuka/wp-content/uploads/Pont-de-Londresp-300x250.jpg 300w, https://artzoomconnection.com/mfsztuka/wp-content/uploads/Pont-de-Londresp-150x125.jpg 150w, https://artzoomconnection.com/mfsztuka/wp-content/uploads/Pont-de-Londresp.jpg 1200w" sizes="(max-width: 450px) 100vw, 450px" /></div>
<div class="one_half last">
<h3>ENTREVUE AVEC MARIE-FRANÇOISE SZTUKA</h3>
<p style="text-align: justify;"><span style="color: #993300;"><strong>ArtZoom : </strong>Est-ce que vous pensez que l’art visuel est en perpétuelle évolution? Avec votre expérience, avec ce que vous avez vu, vécu et/ou entendu, en tant qu’artiste, pensez-vous que l’art visuel restera «traditionnel» ou si vous pensez que l’art visuel penchera de plus en plus avec la technologie? Jusqu’où ira la présence technologique dans l&rsquo;art? Jusqu’où pourrait-on dire «ceci reste de l’art»? Y aura-t-il un moment où l’art sera dénaturé au profit de la performance informatique, selon vous?</span></p>
<p style="text-align: justify;"><strong>Marie-Françoise Sztuka : </strong>Oui je pense que l’art visuel est en perpétuelle évolution. Il est difficile de prédire jusqu’où ira l’évolution technologique. On utilise de plus en plus l’informatique. Mais je pense que cette évolution sera en dent de scie car certains artistes sont heureux de retrouver leurs crayons et leurs pinceaux. Cette évolution se fera aussi en fonction de la demande du spectateur. Il est difficile de dire « ceci reste de l’art » car il y a parfois chez l’artiste un besoin de provocation.</p>
<p style="text-align: justify;"><span style="color: #993300;"><strong>ArtZoom : </strong>On dit souvent que les artistes sont des êtres solitaires, qu’ils sont «seuls», que ce sont des individus «différents des autres», êtes-vous de cet avis? Vous sentez-vous seul(e)? Êtes-vous fondamentalement solitaire? Ou avez-vous besoin de vous entourer de gens pour créer?</span></p>
<p style="text-align: justify;"><strong>Marie-Françoise Sztuka : </strong>Je ne suis pas du tout solitaire. J’ai un besoin de contact avec les autres. Mes nombreux voyages m’ont permis des rencontres extraordinaires alors que je faisais quelques croquis. J’ai toujours avec moi un sac (format A4 pour les carnets de croquis) et un crayon. Je fais quelques photos mais je me pose aussi dans un petit coin et j’observe le monde qui m’entoure. Certains de mes croquis avec des personnages se retrouvent sur mes toiles que j’appelle « abstraites ». J’aime aussi être seule dans mon atelier, c’est aussi une sorte de « gestation ».</p>
<p style="text-align: justify;"><span style="color: #993300;"><strong>ArtZoom : </strong>Quelle est votre source d’inspiration? Et que faites-vous pour conserver votre motivation à créer?</span></p>
<p style="text-align: justify;"><strong>Marie-Françoise Sztuka : </strong>Tout est pour moi source d’inspiration, des personnages, un coin de ciel avec nuages ou un reflet dans l’eau. J’aime la couleur.</p>
<p style="text-align: justify;"><span style="color: #993300;"><strong>ArtZoom : </strong>Est-ce que votre famille a été solidaire de votre décision de « devenir » artiste ou si elle vous a découragé en disant que c’était difficile d’en vivre? Comment s’est fait cette décision de devenir artiste professionnel(le)? Quelle a été la réaction de votre famille à l&rsquo;époque? Quelle est la réaction de votre famille aujourd&rsquo;hui?</span></p>
<p style="text-align: justify;"><strong>Marie-Françoise Sztuka : </strong>J’ai un parcours atypique. J’ai été médecin pendant plus de 30 ans et cela a été mon désir le plus cher. Mais j’ai toujours pratiqué le dessin, la peinture (prix de peinture de revue La Semaine de Suzette à 11 ans). La vie professionnelle très active a mis en veilleuse le désir de peindre. Puis souhaitant un peu « lever le pied » en fin de carrière, je me suis remise à la peinture grâce à la rencontre avec certains artistes : Brett Rhodes-Neal à Vence et Rogine Doré à Durtal. Étant retraitée j’ai la joie de pratiquer à temps plein la peinture. J’ai de nombreuses opportunités d’expositions personnelles ou avec des groupes. Je suis très soutenue par mon entourage.</p>
<p style="text-align: justify;"><span style="color: #993300;"><strong>ArtZoom : </strong>A quel moment vous êtes-vous intéressé(e) à l’art? Lorsque vous étiez enfant ou une fois adulte?</span></p>
<p style="text-align: justify;"><strong>Marie-Françoise Sztuka : </strong>Au lycée à Nancy quand j’avais 11 ans j’ai découvert l’histoire de l’art et le peinture. Mon professeur de dessin était aussi professeur aux eaux Arts de Nancy. C’était une passionnée : Jacqueline Gauthier.</p>
<p style="text-align: justify;"><span style="color: #993300;"><strong>ArtZoom : </strong>Quels ont été les obstacles majeurs que vous avez rencontrés au cours de votre carrière? Pensez-vous que tous les artistes passent par les mêmes obstacles? Ou si vous pensez que chaque artiste a ses « propres » obstacles?</span></p>
<p style="text-align: justify;"><strong>Marie-Françoise Sztuka : </strong>Je n’ai pas rencontré d’obstacles majeurs au cours de ma carrière d’artiste. Mais comme je l’ai dit précédemment, c’est ma deuxième activité, ce qui me donne beaucoup de liberté.</p>
<p style="text-align: justify;"><span style="color: #993300;"><strong>ArtZoom : </strong>Quel est le souvenir le plus heureux de l’une de vos expositions gardez-vous en souvenir? Quel serait le souvenir le plus malheureux?</span></p>
<p style="text-align: justify;"><strong>Marie-Françoise Sztuka : </strong>Je n’ai aucun souvenir malheureux. Peindre est pour moi une joie permanente. J’ai le souvenir d’une joie intense quand lors d’une dernière exposition personnelle à Virton, j’ai réuni 35 personnes, les adultes descendants d’un ancêtre avocat pratiquant la sculpture sur bois, leurs conjoints ainsi que leurs enfants. Le titre de l’exposition était « XY &amp; Co », un reste de mes souvenirs en génétique.</p>
<p style="text-align: justify;"><span style="color: #993300;"><strong>ArtZoom : </strong>Qu’est ce qu’il faudrait améliorer dans le domaine des arts visuels, au niveau professionnel, selon vous pour améliorer la qualité de vie des artistes professionnels? </span></p>
<p style="text-align: justify;"><strong>Marie-Françoise Sztuka : </strong>Il m’est difficile de donner un avis pour améliorer les arts visuels. Il faut un grand soutien médiatique et surtout être présent dans de nombreuses expositions.</p>
<p style="text-align: justify;"><span style="color: #993300;"><strong>ArtZoom : </strong>Si vous aviez un conseil à donner à un(e) jeune artiste qui désire se lancer dans le domaine, quel conseil lui donneriez-vous?</span></p>
<p style="text-align: justify;"><strong>Marie-Françoise Sztuka : </strong>Difficile de donner des conseils du fait de mon parcours atypique qui m’a donné beaucoup de liberté. Un jeune artiste qui désire se lancer dans ce domaine ne doit pas baisser les bras. Mais il y a parfois des besoins financiers et familiaux qui priment sur le désir d’être un artiste.</p>
<p style="text-align: justify;"><span style="color: #993300;"><strong>ArtZoom :</strong>Pensez-vous que l&rsquo;artiste contemporain doit obligatoirement exposer dans un autre pays pour obtenir une reconnaissance professionnelle dans son propre pays? L&rsquo;adage « nul n&rsquo;est prophète en son pays » est-il vrai, selon vous?</span></p>
<p style="text-align: justify;"><strong>Marie-Françoise Sztuka : </strong>Je suis tout à fait d’accord avec l’adage « nul n&rsquo;est prophète en son pays ». Au cours de mes nombreuses expositions en Lorraine, Belgique, Luxembourg et sud de la France, mes références à ArtZoom au Canada ont toujours été un plus. Dans le sud de la France j’ai même rencontré des Québécois qui connaissaient des artistes d’ArtZoom rencontrés lors d’expositions au Canada.</p>
</div>
<div class="clearBoth"></div>
<div class="divider top"><a href="#wrapper" title="Back To Top" rel="nofollow">Top</a></div>
