{"id":40,"date":"2009-11-16T23:49:23","date_gmt":"2009-11-17T04:49:23","guid":{"rendered":"http:\/\/www.artzoom.org\/members\/wordpress\/?page_id=40"},"modified":"2015-01-17T04:04:03","modified_gmt":"2015-01-17T03:04:03","slug":"documents-de-presse","status":"publish","type":"page","link":"https:\/\/artzoomconnection.com\/mfsztuka\/presse\/documents-de-presse\/","title":{"rendered":"PRESSE"},"content":{"rendered":"<div class=\"one_half\">\n<h4>COUVERTURE M\u00c9DIATIQUE<\/h4>\n<p style=\"text-align: left;\"><em>Liste non exhaustive<\/em><\/p>\n<p style=\"text-align: right;\"><a title=\"Consulter galerie de la presse\" href=\"http:\/\/artzoomconnection.com\/mfsztuka\/presse-2\/\" target=\"_blank\">Consulter galerie de la presse<\/a><\/p>\n<p>Nombreux articles de journaux : Le R\u00e9publicain Lorrain (France), L&rsquo;Est R\u00e9publicain (France), Le Journal Le Soleil (Canada), Le Journal Voir Qu\u00e9bec (Canada), Hebdo Qu\u00e9bec, Journal L\u2019Appel, Qu\u00e9bec Express, \u00a0etc. Articles de la presse r\u00e9gionale depuis 2001, \u00e9mission radiophonique (Radio Aria), articles dans des revues sp\u00e9cialis\u00e9es d\u2019art (Plaisir de Peindre \/ L&rsquo;ArtZoomeur), production audiovisuelle (podcast), articles dans des cybermagazines d\u00e9di\u00e9s \u00e0 l\u2019art, catalogues de salons, catalogues d\u2019expositions, guides de cotation au Canada, etc.\u00a0 &#8211; Le Catalogue d&rsquo;exposition de La Grande Exposition Internationale d&rsquo;ArtZoom: <a title=\"document pdf\" href=\"http:\/\/www.artzoom.org\/helenecaroline\/monsite\/wp-content\/photos\/grandeexpo2009\/catalogue2009.pdf\" target=\"_blank\">critique 1<\/a><\/p>\n<p>L&rsquo;Internation&rsquo;ART \u00e0 Roberval : <a title=\"L'\u00c9toile du Lac\" href=\"http:\/\/www.letoiledulac.com\/Culture\/Arts%20et%20spectacles\/2011-04-14\/article-2426925\/Une-exposition-internationale-a-la-Bibliotheque-de-Roberval\/1\" target=\"_blank\">L&rsquo;\u00c9toile du Lac<\/a> &#8211; <a title=\"Info Culture\" href=\"http:\/\/www.infosculture.com\/actualite-art\/annoncer-exposition-art\/linternationart-a-roberval\/\" target=\"_blank\">Info Culture<\/a> &#8211; <a title=\"Pat White\" href=\"http:\/\/patwhite.com\/node\/12460\" target=\"_blank\">Pat White<\/a> &#8211; <a title=\"HEART - Au coeur de l'art\" href=\"http:\/\/www.magazinedesarts.com\/wordpress\/?p=1289\" target=\"_blank\">HEART<\/a> &#8211; <a title=\"E-M@G\" href=\"http:\/\/collectifartzoom.blogspot.com\/2011\/04\/roberval-fait-des-envieux-avec.html\" target=\"_blank\">E-M@G<\/a> &#8211; <a title=\"Critique\" href=\"http:\/\/www.helenecaroline.com\/?p=746\" target=\"_blank\">Critique<\/a> &#8211; <a title=\"Sorties\" href=\"http:\/\/www.sorties.ca\/event.asp?no_event=11844\" target=\"_blank\">Sorties<\/a> &#8211; <a title=\"Galerie Cr\u00e9ation\" href=\"http:\/\/www.galerie-creation.com\/roberval-fait-des-envieux-avec-l-internation-art-a-10449.htm\" target=\"_blank\">Galerie Cr\u00e9ation<\/a> &#8211; <a title=\"Voir\" href=\"http:\/\/www.voir.ca\/infocenter\/show.aspx?zone=6&amp;section=20&amp;show=128836&amp;performance=274718\" target=\"_blank\">Voir<\/a><\/p>\n<p>&nbsp;<\/p>\n<p style=\"text-align: justify;\"><strong>Cyberpresse<\/strong><\/p>\n<p>Articles sur HEART, magazine des arts: <a href=\"http:\/\/www.magazinedesarts.com\/wordpress\/?p=137\" target=\"_blank\">article 1<\/a> &#8211; <a href=\"http:\/\/www.magazinedesarts.com\/wordpress\/?p=397\" target=\"_blank\">article 2<\/a> &#8211; le E-M@G: <a href=\"http:\/\/collectifartzoom.blogspot.com\/2007\/11\/artiste-marie-franoise-sztuka.html\" target=\"_blank\">article 1<\/a> &#8211; <a href=\"http:\/\/collectifartzoom.blogspot.com\/2009\/03\/le-grand-prix-de-peinture-du-ciaaz-2009.html\" target=\"_blank\">article 2<\/a> &#8211; <a href=\"http:\/\/collectifartzoom.blogspot.com\/2009\/03\/nouvelle-distinction-chez-art-zoom.html\" target=\"_blank\">article 3<\/a> &#8211; <a href=\"http:\/\/collectifartzoom.blogspot.com\/2009\/02\/la-grande-exposition-internationale.html\" target=\"_self\">article 4<\/a> &#8211; <a href=\"http:\/\/collectifartzoom.blogspot.com\/2010\/01\/marie-francoise-sztuka-aide-les.html\" target=\"_blank\">article 5<\/a> &#8211; Sunsite mag: <a href=\"http:\/\/www.sunsitemag.com\/communique\/liste_v2.php?id=11315\" target=\"_blank\">communiqu\u00e9 1<\/a> &#8211; Pat White: <a href=\"http:\/\/patwhite.com\/node\/6326\" target=\"_blank\">article 1<\/a> &#8211; <a href=\"http:\/\/patwhite.com\/node\/6586\" target=\"_blank\">article 2<\/a> &#8211; Le Jacques-Cartier: <a href=\"http:\/\/lejacquescartier.com\/pages\/org_article.php?id=4072\" target=\"_blank\">article 1<\/a> &#8211; Qu\u00e9bec Hebdo: <a href=\"http:\/\/quebechebdo.com\/pages\/org_article.php?id=4072\">article 1<\/a> &#8211; <a href=\"http:\/\/www.quebechebdo.com\/article-311540-Art-Zoom-revient-a-lespace-contemporain.html\" target=\"_blank\">article 2<\/a> &#8211; <a href=\"http:\/\/www.quebechebdo.com\/pages\/org_article.php?id=4255\" target=\"_blank\">article 3<\/a> &#8211; Critiques d&rsquo;art: \u00a0<a href=\"http:\/\/critiquesdart.blogspot.com\/2009\/03\/article-critique-sur-la-grande-expo.html\" target=\"_blank\">critique 1<\/a> &#8211; \u00a0L&rsquo;ArtZoomeur: \u00a0<a href=\"http:\/\/www.artzoom.org\/helenecaroline\/monsite\/?p=362\" target=\"_blank\">article 1<\/a> &#8211; <a href=\"http:\/\/www.artzoom.org\/helenecaroline\/monsite\/?p=392\" target=\"_blank\">article 2<\/a> &#8211; <a href=\"http:\/\/www.artzoom.org\/helenecaroline\/monsite\/?p=471\" target=\"_blank\">article 3<\/a><\/p>\n<p align=\"center\"><a title=\"Consulter la galerie de la presse\" target=\"_self\" class=\"button  small\" href=\"http:\/\/artzoomconnection.com\/mfsztuka\/presse-2\/\" ><span>Consulter la galerie de la presse<\/span><\/a><\/p>\n<h4>RADIO ET T\u00c9L\u00c9VISION<\/h4>\n<p><em>Liste non exhaustive<\/em><\/p>\n<p>\u2013 non mentionn\u00e9 &#8211;<\/p>\n<h4>MULTIM\u00c9DIA<\/h4>\n<p><em>Liste non exhaustive<\/em><\/p>\n<p>\u2013 non mentionn\u00e9 &#8211;<\/p>\n<h4>BIBLIOGRAPHIE<\/h4>\n<p><em>Liste non exhaustive<\/em><\/p>\n<p><em><i>&#8211; Le Guide de Cotation des Artistes d&rsquo;ArtZoom<\/i>, depuis 2008<br \/>\n<i> <\/i> <i>&#8211; Le Catalogue d&rsquo;exposition de La Grande Exposition Internationale d&rsquo;ArtZoom <\/i>2009 &#8211; <a title=\"document pdf\" href=\"http:\/\/www.artzoom.org\/helenecaroline\/monsite\/wp-content\/photos\/grandeexpo2009\/catalogue2009.pdf\" target=\"_blank\">critique<\/a><br \/>\n<i>&#8211; L&rsquo;ArtZoomeur (Dossier: Les Artistes d&rsquo;aujourd&rsquo;hui)<\/i> &#8211; <a title=\"document pdf\" href=\"http:\/\/www.artzoom.org\/helenecaroline\/monsite\/wp-content\/photos\/lartzoomeur2009\/2009_1_mfsztuka.pdf\" target=\"_blank\">article<\/a> &#8211;<br \/>\n<i> <\/i> <i>&#8211; L&rsquo;ArtZoomeur (Dossier: Le march\u00e9 international de l&rsquo;art contemporain<\/i>) &#8211; critique<br \/>\n<i>&#8211; L&rsquo;ArtZoomeur (Dossier: Critiques d&rsquo;art) vol. 1<\/i> &#8211; critique<br \/>\n&#8211; Etc.<\/em><\/div>\n<div class=\"one_half last\">\n<h4>L&rsquo;ARTZOOMEUR<\/h4>\n<p style=\"text-align: center;\"><object style=\"width: 420px; height: 272px;\" width=\"100\" height=\"100\" classid=\"clsid:d27cdb6e-ae6d-11cf-96b8-444553540000\" codebase=\"http:\/\/download.macromedia.com\/pub\/shockwave\/cabs\/flash\/swflash.cab#version=6,0,40,0\"><param name=\"allowfullscreen\" value=\"true\" \/><param name=\"menu\" value=\"false\" \/><param name=\"src\" value=\"http:\/\/static.issuu.com\/webembed\/viewers\/style1\/v1\/IssuuViewer.swf?mode=embed&amp;layout=http%3A%2F%2Fskin.issuu.com%2Fv%2Fcolor%2Flayout.xml&amp;backgroundColor=FFFFFF&amp;autoFlip=true&amp;autoFlipTime=6000&amp;documentId=090607163836-1a10272985a346138cceb51331888263&amp;docName=artzoomeur2009_1&amp;username=artzoom&amp;loadingInfoText=L'ArtZoomeur%20(dossier%3A%20les%20artistes%20d'aujourd'hui)&amp;et=1258599335453&amp;er=29\" \/><param name=\"flashvars\" value=\"mode=embed&amp;layout=http%3A%2F%2Fskin.issuu.com%2Fv%2Fcolor%2Flayout.xml&amp;backgroundColor=FFFFFF&amp;autoFlip=true&amp;autoFlipTime=6000&amp;documentId=090607163836-1a10272985a346138cceb51331888263&amp;docName=artzoomeur2009_1&amp;username=artzoom&amp;loadingInfoText=L'ArtZoomeur%20(dossier%3A%20les%20artistes%20d'aujourd'hui)&amp;et=1258599335453&amp;er=29\" \/><embed style=\"width: 420px; height: 272px;\" type=\"application\/x-shockwave-flash\" width=\"100\" height=\"100\" src=\"http:\/\/static.issuu.com\/webembed\/viewers\/style1\/v1\/IssuuViewer.swf?mode=embed&amp;layout=http%3A%2F%2Fskin.issuu.com%2Fv%2Fcolor%2Flayout.xml&amp;backgroundColor=FFFFFF&amp;autoFlip=true&amp;autoFlipTime=6000&amp;documentId=090607163836-1a10272985a346138cceb51331888263&amp;docName=artzoomeur2009_1&amp;username=artzoom&amp;loadingInfoText=L'ArtZoomeur%20(dossier%3A%20les%20artistes%20d'aujourd'hui)&amp;et=1258599335453&amp;er=29\" flashvars=\"mode=embed&amp;layout=http%3A%2F%2Fskin.issuu.com%2Fv%2Fcolor%2Flayout.xml&amp;backgroundColor=FFFFFF&amp;autoFlip=true&amp;autoFlipTime=6000&amp;documentId=090607163836-1a10272985a346138cceb51331888263&amp;docName=artzoomeur2009_1&amp;username=artzoom&amp;loadingInfoText=L'ArtZoomeur%20(dossier%3A%20les%20artistes%20d'aujourd'hui)&amp;et=1258599335453&amp;er=29\" menu=\"false\" allowfullscreen=\"allowfullscreen\" \/><\/object><\/p>\n<p><em>L&rsquo;ArtZoomeur (Dossier: Les artistes d&rsquo;aujourd&rsquo;hui)<\/em><\/p>\n<p style=\"text-align: center;\"><object style=\"width: 420px; height: 272px;\" width=\"100\" height=\"100\" classid=\"clsid:d27cdb6e-ae6d-11cf-96b8-444553540000\" codebase=\"http:\/\/download.macromedia.com\/pub\/shockwave\/cabs\/flash\/swflash.cab#version=6,0,40,0\"><param name=\"allowfullscreen\" value=\"true\" \/><param name=\"menu\" value=\"false\" \/><param name=\"src\" value=\"http:\/\/static.issuu.com\/webembed\/viewers\/style1\/v1\/IssuuViewer.swf?mode=embed&amp;layout=http%3A%2F%2Fskin.issuu.com%2Fv%2Fcolor%2Flayout.xml&amp;backgroundColor=FFFFFF&amp;autoFlip=true&amp;autoFlipTime=6000&amp;documentId=090607165035-5c5717cad1694fe8bfa576f7f5decc6f&amp;docName=artzoomeur2009_2&amp;username=artzoom&amp;loadingInfoText=L'ArtZoomeur%20(dossier%3A%20le%20march%C3%A9%20international%20de%20l'art%20contemporain)&amp;et=1258599436643&amp;er=98\" \/><param name=\"flashvars\" value=\"mode=embed&amp;layout=http%3A%2F%2Fskin.issuu.com%2Fv%2Fcolor%2Flayout.xml&amp;backgroundColor=FFFFFF&amp;autoFlip=true&amp;autoFlipTime=6000&amp;documentId=090607165035-5c5717cad1694fe8bfa576f7f5decc6f&amp;docName=artzoomeur2009_2&amp;username=artzoom&amp;loadingInfoText=L'ArtZoomeur%20(dossier%3A%20le%20march%C3%A9%20international%20de%20l'art%20contemporain)&amp;et=1258599436643&amp;er=98\" \/><embed style=\"width: 420px; height: 272px;\" type=\"application\/x-shockwave-flash\" width=\"100\" height=\"100\" src=\"http:\/\/static.issuu.com\/webembed\/viewers\/style1\/v1\/IssuuViewer.swf?mode=embed&amp;layout=http%3A%2F%2Fskin.issuu.com%2Fv%2Fcolor%2Flayout.xml&amp;backgroundColor=FFFFFF&amp;autoFlip=true&amp;autoFlipTime=6000&amp;documentId=090607165035-5c5717cad1694fe8bfa576f7f5decc6f&amp;docName=artzoomeur2009_2&amp;username=artzoom&amp;loadingInfoText=L'ArtZoomeur%20(dossier%3A%20le%20march%C3%A9%20international%20de%20l'art%20contemporain)&amp;et=1258599436643&amp;er=98\" flashvars=\"mode=embed&amp;layout=http%3A%2F%2Fskin.issuu.com%2Fv%2Fcolor%2Flayout.xml&amp;backgroundColor=FFFFFF&amp;autoFlip=true&amp;autoFlipTime=6000&amp;documentId=090607165035-5c5717cad1694fe8bfa576f7f5decc6f&amp;docName=artzoomeur2009_2&amp;username=artzoom&amp;loadingInfoText=L'ArtZoomeur%20(dossier%3A%20le%20march%C3%A9%20international%20de%20l'art%20contemporain)&amp;et=1258599436643&amp;er=98\" menu=\"false\" allowfullscreen=\"allowfullscreen\" \/><\/object><\/p>\n<p><em>L&rsquo;ArtZoomeur (Dossier: Le march\u00e9 international de l&rsquo;art contemporain)<\/em><\/p>\n<p style=\"text-align: center;\"><object style=\"width: 420px; height: 273px;\" width=\"100\" height=\"100\" classid=\"clsid:d27cdb6e-ae6d-11cf-96b8-444553540000\" codebase=\"http:\/\/download.macromedia.com\/pub\/shockwave\/cabs\/flash\/swflash.cab#version=6,0,40,0\"><param name=\"allowfullscreen\" value=\"true\" \/><param name=\"menu\" value=\"false\" \/><param name=\"src\" value=\"http:\/\/static.issuu.com\/webembed\/viewers\/style1\/v1\/IssuuViewer.swf?mode=embed&amp;layout=http%3A%2F%2Fskin.issuu.com%2Fv%2Fcolor%2Flayout.xml&amp;backgroundColor=FFFFFF&amp;showFlipBtn=true&amp;documentId=100124094217-7b81a7b96326442686a7c499a5c37cbe&amp;docName=lartzoomeur_critiques_1&amp;username=artzoom&amp;loadingInfoText=L'ArtZoomeur%20(Dossier%3A%20Critiques%20d'art)%20vol.%201&amp;et=1264326720300&amp;er=36\" \/><param name=\"flashvars\" value=\"mode=embed&amp;layout=http%3A%2F%2Fskin.issuu.com%2Fv%2Fcolor%2Flayout.xml&amp;backgroundColor=FFFFFF&amp;showFlipBtn=true&amp;documentId=100124094217-7b81a7b96326442686a7c499a5c37cbe&amp;docName=lartzoomeur_critiques_1&amp;username=artzoom&amp;loadingInfoText=L'ArtZoomeur%20(Dossier%3A%20Critiques%20d'art)%20vol.%201&amp;et=1264326720300&amp;er=36\" \/><embed style=\"width: 420px; height: 273px;\" type=\"application\/x-shockwave-flash\" width=\"100\" height=\"100\" src=\"http:\/\/static.issuu.com\/webembed\/viewers\/style1\/v1\/IssuuViewer.swf?mode=embed&amp;layout=http%3A%2F%2Fskin.issuu.com%2Fv%2Fcolor%2Flayout.xml&amp;backgroundColor=FFFFFF&amp;showFlipBtn=true&amp;documentId=100124094217-7b81a7b96326442686a7c499a5c37cbe&amp;docName=lartzoomeur_critiques_1&amp;username=artzoom&amp;loadingInfoText=L'ArtZoomeur%20(Dossier%3A%20Critiques%20d'art)%20vol.%201&amp;et=1264326720300&amp;er=36\" flashvars=\"mode=embed&amp;layout=http%3A%2F%2Fskin.issuu.com%2Fv%2Fcolor%2Flayout.xml&amp;backgroundColor=FFFFFF&amp;showFlipBtn=true&amp;documentId=100124094217-7b81a7b96326442686a7c499a5c37cbe&amp;docName=lartzoomeur_critiques_1&amp;username=artzoom&amp;loadingInfoText=L'ArtZoomeur%20(Dossier%3A%20Critiques%20d'art)%20vol.%201&amp;et=1264326720300&amp;er=36\" menu=\"false\" allowfullscreen=\"allowfullscreen\" \/><\/object><\/p>\n<p><em>L&rsquo;ArtZoomeur (Dossier: Critiques d&rsquo;art) vol. 1<\/em><\/div>\n<div class=\"clearBoth\"><\/div>\n<div class=\"divider top\"><a href=\"#wrapper\" title=\"Back To Top\" rel=\"nofollow\">Top<\/a><\/div>\n","protected":false},"excerpt":{"rendered":"","protected":false},"author":1,"featured_media":2338,"parent":1687,"menu_order":3,"comment_status":"closed","ping_status":"closed","template":"template_fullwidth.php","meta":[],"_links":{"self":[{"href":"https:\/\/artzoomconnection.com\/mfsztuka\/wp-json\/wp\/v2\/pages\/40"}],"collection":[{"href":"https:\/\/artzoomconnection.com\/mfsztuka\/wp-json\/wp\/v2\/pages"}],"about":[{"href":"https:\/\/artzoomconnection.com\/mfsztuka\/wp-json\/wp\/v2\/types\/page"}],"author":[{"embeddable":true,"href":"https:\/\/artzoomconnection.com\/mfsztuka\/wp-json\/wp\/v2\/users\/1"}],"replies":[{"embeddable":true,"href":"https:\/\/artzoomconnection.com\/mfsztuka\/wp-json\/wp\/v2\/comments?post=40"}],"version-history":[{"count":37,"href":"https:\/\/artzoomconnection.com\/mfsztuka\/wp-json\/wp\/v2\/pages\/40\/revisions"}],"predecessor-version":[{"id":2469,"href":"https:\/\/artzoomconnection.com\/mfsztuka\/wp-json\/wp\/v2\/pages\/40\/revisions\/2469"}],"up":[{"embeddable":true,"href":"https:\/\/artzoomconnection.com\/mfsztuka\/wp-json\/wp\/v2\/pages\/1687"}],"wp:featuredmedia":[{"embeddable":true,"href":"https:\/\/artzoomconnection.com\/mfsztuka\/wp-json\/wp\/v2\/media\/2338"}],"wp:attachment":[{"href":"https:\/\/artzoomconnection.com\/mfsztuka\/wp-json\/wp\/v2\/media?parent=40"}],"curies":[{"name":"wp","href":"https:\/\/api.w.org\/{rel}","templated":true}]}}